Cusighe Meteo

46° 09.60' N | 012° 13.20' E | 392 meters | Show on map

Tabelle Climatiche di May 2020

11/08/20 20:15:00 CEST

Stazione:LaCrosse WS-2300
Software:WeeWX v4.0.0
Aggiornamento Weewx:8 days, 8 hours, 31 minutes
Aggiornamento Server:10 days, 9 hours, 28 minutes
                   MONTHLY CLIMATOLOGICAL SUMMARY for May 2020


NAME: Cusighe Meteo                  
ELEV: 392 meters    LAT: 45-00.00 N    LONG: 012-00.00 E


                   TEMPERATURE (C), RAIN (cm), WIND SPEED (kph)

                                         HEAT   COOL         AVG
      MEAN                               DEG    DEG          WIND                   DOM
DAY   TEMP   HIGH   TIME    LOW   TIME   DAYS   DAYS   RAIN  SPEED   HIGH   TIME    DIR
---------------------------------------------------------------------------------------
 01   13.7   16.9  14:57   10.4  00:57    4.6    0.0   0.00    0.0    0.0  14:57    N/A
 02   14.0   19.7  17:57    8.9  03:57    4.3    0.0   0.00    0.0    0.0  01:57    N/A
 03   12.6   18.7  12:57    6.9  05:57    5.7    0.0   0.00    1.7   10.8  14:57    187
 04   13.9   19.9  16:57    8.7  01:57    4.4    0.0   0.00    0.9    7.2  17:57    166
 05   12.4   19.0  15:57    6.7  05:57    6.0    0.0   0.00    0.2    3.6  12:57    135
 06   13.5   18.4  16:57    8.5  05:57    4.8    0.0   0.00    0.5    3.6  09:57    197
 07   14.7   21.6  13:57    7.3  05:57    3.7    0.0   0.00    0.3    3.6  08:57    349
 08   15.8   22.4  15:57    8.3  05:57    2.6    0.0   0.00    0.9    3.6  09:57    171
 09   17.4   23.5  15:22   10.8  04:59    0.9    0.0   0.00    1.4    9.7  13:26    225
 10   16.9   22.4  15:29   13.4  06:25    1.5    0.0   0.00    1.0    8.6  16:10    262
 11   13.8   18.0  14:43   11.6  07:28    4.5    0.0   0.00    1.3   12.2  09:46    335
 12   13.4   21.8  12:44  -19.8  14:07    4.9    0.0   0.00    1.4   13.0  17:00     14
 13   13.2   15.5  13:34   10.9  02:37    5.1    0.0   0.00    0.4    9.7  13:45    163
 14   16.7   23.4  16:03   12.2  05:42    1.6    0.0   0.00    1.2   11.9  17:09    244
 15   15.6   19.2  15:32   12.1  07:45    2.8    0.0   0.00    1.9   13.3  07:28    334
 16   15.3   20.0  14:34   13.1  00:30    3.0    0.0   0.00    0.7    8.3  15:31     20
 17   17.1   25.1  14:43   12.8  03:03    1.3    0.0   0.00    1.6   13.0  18:18    246
 18   18.2   25.3  16:34   13.4  04:17    0.2    0.0   0.00    1.3   11.9  17:21    228
 19   16.3   20.7  11:03   13.9  06:01    2.1    0.0   0.00    0.7    9.0  18:20    265
 20
 21
 22
 23
 24
 25
 26
 27
 28
 29
 30
 31
---------------------------------------------------------------------------------------
      15.0   25.3     18  -19.8     12   63.8    0.0   0.00    0.9   13.3     15    232