Cusighe Meteo

46° 09.60' N | 012° 13.20' E | 392 meters | Show on map

Tabelle Climatiche di June 2020

11/08/20 20:35:00 CEST

Stazione:LaCrosse WS-2300
Software:WeeWX v4.0.0
Aggiornamento Weewx:8 days, 8 hours, 51 minutes
Aggiornamento Server:10 days, 9 hours, 48 minutes
                   MONTHLY CLIMATOLOGICAL SUMMARY for Jun 2020


NAME: Cusighe Meteo                  
ELEV: 392 meters    LAT: 45-00.00 N    LONG: 012-00.00 E


                   TEMPERATURE (°C), RAIN (cm), WIND SPEED (km/h)

                                         HEAT   COOL         AVG
      MEAN                               DEG    DEG          WIND                   DOM
DAY   TEMP   HIGH   TIME    LOW   TIME   DAYS   DAYS   RAIN  SPEED   HIGH   TIME    DIR
---------------------------------------------------------------------------------------
 01   16.6   24.3  13:55    8.9  05:55    1.7    0.0   0.00    1.3   12.6  13:27    237
 02   16.6   25.5  14:24   10.9  05:33    1.7    0.0   0.00    1.4   13.0  16:01    211
 03   17.1   24.5  17:52    9.8  05:55    1.3    0.0   0.00    1.3   10.8  13:56    252
 04   14.3   16.4  08:56   12.8  23:46    4.0    0.0   0.00    0.5    7.9  20:08    355
 05   16.0   22.4  15:03   12.5  06:10    2.3    0.0   0.00    1.0   10.8  15:59    252
 06   17.5   23.6  13:41   14.4  03:12    0.8    0.0   0.00    1.4   13.0  14:26    290
 07   15.7   19.2  13:12   13.9  23:32    2.7    0.0   0.00    0.3    8.3  15:38      0
 08   15.3   20.3  13:33   13.2  23:08    3.1    0.0   0.00    0.6   11.9  15:49    105
 09   14.7   21.1  17:16   12.2  05:55    3.6    0.0   0.00    0.4    8.3  23:10    252
 10   13.3   16.6  17:20   11.0  23:20    5.0    0.0   0.00    0.2    5.8  16:48    325
 11   13.7   20.1  12:04    8.4  05:45    4.6    0.0   0.00    1.4   13.0  13:25     71
 12   15.4   21.8  13:04    8.3  05:49    3.0    0.0   0.00    0.8    9.0  12:10    216
 13   18.9   25.5  14:17   12.8  06:03    0.0    0.6   0.00    1.5   18.7  16:52    248
 14   17.6   21.6  12:02   13.9  07:06    0.7    0.0   0.00    1.0   10.8  17:51    351
 15   17.2   20.3  16:05   15.6  23:41    1.1    0.0   0.00    0.2    6.5  12:40    273
 16   17.5   24.6  13:52   14.7  06:07    0.8    0.0   0.00    0.6    8.6  18:17    153
 17   16.9   22.7  12:45   13.6  23:57    1.4    0.0   0.00    0.7   13.0  13:40    287
 18   16.9   24.2  14:20   11.9  03:08    1.4    0.0   0.00    1.3   16.9  15:09    268
 19   16.2   22.4  11:37   12.9  05:07    2.2    0.0   0.00    1.2   12.6  19:15    255
 20   17.5   25.8  14:40   12.1  05:40    0.9    0.0   0.00    1.0   13.7  15:57    168
 21   19.0   26.9  15:55   11.1  05:53    0.0    0.7   0.00    1.4   11.9  18:37     75
 22   20.9   29.8  14:32   12.4  05:24    0.0    2.6   0.00    1.6   14.8  12:00    248
 23   21.5   29.3  14:48   13.3  05:03    0.0    3.1   0.00    1.4   46.1  15:18    255
 24   19.1   22.3  11:22   15.8  23:49    0.0    0.8   0.00    0.7    8.3  12:30    349
 25   17.6   21.0  11:36   15.3  02:45    0.7    0.0   0.00    0.5    6.5  00:09    316
 26   20.1   26.2  16:10   15.4  05:49    0.0    1.7   0.00    1.0   10.4  12:08    233
 27   22.6   28.6  14:01   17.4  05:20    0.0    4.3   0.00    1.4   10.1  14:56    259
 28   22.6   28.9  12:26   17.8  04:30    0.0    4.2   0.00    1.5   15.1  17:15    272
 29   21.5   28.1  11:42   18.5  14:35    0.0    3.2   0.00    1.0   14.8  14:06    346
 30   23.2   27.8  13:04   19.6  04:35    0.0    4.9   0.00    0.7   11.9  15:01    301
---------------------------------------------------------------------------------------
      17.8   29.8     22    8.3     12   43.1   26.1   0.00    1.0   46.1     23    273
    
Updated: 20/07/20 20:45:00