Cusighe Meteo

46° 09.60' N | 012° 13.20' E | 392 meters | Show on map

Tabelle Climatiche di July 2020

11/08/20 20:55:00 CEST

Stazione:LaCrosse WS-2300
Software:WeeWX v4.0.0
Aggiornamento Weewx:8 days, 9 hours, 11 minutes
Aggiornamento Server:10 days, 10 hours, 8 minutes
                   MONTHLY CLIMATOLOGICAL SUMMARY for Jul 2020


NAME: Cusighe Meteo                  
ELEV: 392 meters    LAT: 46-09.60 N    LONG: 012-13.20 E


                   TEMPERATURE (°C), RAIN (cm), WIND SPEED (km/h)

                                         HEAT   COOL         AVG
      MEAN                               DEG    DEG          WIND                   DOM
DAY   TEMP   HIGH   TIME    LOW   TIME   DAYS   DAYS   RAIN  SPEED   HIGH   TIME    DIR
---------------------------------------------------------------------------------------
 01   24.3   29.3  12:27   21.9  02:35    0.0    5.9   0.00    0.9   13.7  13:29    251
 02   29.5   34.1  07:27   24.7  00:00    0.0   11.1   0.00    1.2   10.8  17:56     21
 03   37.9   48.8  18:33   31.4  14:01    0.0   19.6   0.00    1.2   14.8  03:03    297
 04   36.5   36.5  22:15   36.5  00:00    0.0   18.2   0.00    0.6    6.5  11:19    280
 05   36.5   48.1  04:05   28.8  05:39    0.0   18.2   0.00    1.0    8.3  15:12    244
 06   26.5   48.3  00:44   -7.1  06:28    0.0    8.2   0.00    1.3   15.1  20:47    268
 07    6.0   36.5  03:15  -29.9  22:28   12.3    0.0   0.00    1.6   14.0  12:43    322
 08   14.5   36.5  08:20  -29.9  10:03    3.8    0.0   0.00    1.3    9.4  16:34    355
 09   19.6   36.5  00:05  -29.9  12:41    0.0    1.2   0.00    1.5   11.2  14:24    346
 10   36.5   36.5  17:05   36.5  00:00    0.0   18.2   0.00    1.5   12.2  16:17    355
 11    5.4   36.5  00:05  -19.0  08:34   13.0    0.0   0.00    0.9   11.5  16:09    351
 12  -19.0  -19.0  00:00  -19.0  00:00   37.3    0.0   0.00    1.5   12.2  13:41    346
 13  -19.0  -19.0  00:00  -19.0  00:00   37.3    0.0   0.00    1.3   15.1  13:57    333
 14  -19.0  -19.0  00:00  -19.0  00:00   37.3    0.0   0.00    1.9   11.9  17:43    328
 15  -19.0  -19.0  00:00  -19.0  00:00   37.3    0.0   0.00    1.2   13.0  14:35    339
 16  -19.0  -19.0  00:00  -19.0  00:00   37.3    0.0   0.00    1.0   10.1  13:44    346
 17  -19.0  -19.0  00:00  -19.0  00:00   37.3    0.0   0.00    1.3   13.0  13:01    336
 18  -19.0  -19.0  00:00  -19.0  00:00   37.3    0.0   0.00    1.1    9.7  16:17    338
 19  -19.0  -19.0  00:00  -19.0  00:00   37.3    0.0   0.00    0.8    6.5  17:55    341
 20  -19.0  -19.0  00:00  -19.0  00:00   37.3    0.0   0.00    1.6   14.4  17:51    356
 21  -16.1   36.5  14:25  -19.0  00:00   34.4    0.0   0.00    1.2   10.4  12:40    336
 22  -17.5   36.5  16:10  -19.0  00:00   35.8    0.0   0.00    1.9   22.3  18:25     15
 23   -9.2   28.3  18:22  -19.0  00:00   27.5    0.0   0.00    1.6   10.4  16:22    343
 24   17.7   22.3  17:56   15.6  05:37    0.7    0.0   0.00    1.3   19.8  03:03    273
 25   20.4   26.9  13:47   14.9  06:08    0.0    2.0   0.00    0.9   10.8  16:57    240
 26   20.9   28.9  14:16   15.1  05:40    0.0    2.6   0.00    1.0   10.1  16:24    265
 27   22.3   29.9  14:08   15.8  06:00    0.0    4.0   0.00    1.1   11.2  15:31    253
 28   23.8   31.8  15:13   17.1  05:55    0.0    5.5   0.00    1.5   16.9  21:56    233
 29   24.5   31.8  14:32   17.9  05:37    0.0    6.2   0.00    1.5   14.4  00:22    245
 30   25.0   33.2  14:59   19.3  06:13    0.0    6.7   0.00    1.3   13.0  01:51    283
 31   26.2   33.9  17:09   19.6  06:05    0.0    7.9   0.00    1.4   10.4  19:34    231
---------------------------------------------------------------------------------------
       6.9   48.8     03  -29.9     07  463.6  135.4   0.00    1.3   22.3     22    323
    
Updated: 01/08/20 00:00:00