Cusighe Meteo

46° 09.60' N | 012° 13.20' E | 392 meters | Show on map

Tabelle Climatiche di September 2020

30/09/20 21:25:00 CEST

Stazione:LaCrosse WS-2300
Software:WeeWX v4.0.0
Aggiornamento Weewx:1 day, 23 hours, 2 minutes
Aggiornamento Server:2 days, 2 hours, 45 minutes
                   MONTHLY CLIMATOLOGICAL SUMMARY for Sep 2020


NAME: Cusighe Meteo                  
ELEV: 392 meters    LAT: 46-09.60 N    LONG: 012-13.20 E


                   TEMPERATURE (°C), RAIN (cm), WIND SPEED (km/h)

                                         HEAT   COOL         AVG
      MEAN                               DEG    DEG          WIND                   DOM
DAY   TEMP   HIGH   TIME    LOW   TIME   DAYS   DAYS   RAIN  SPEED   HIGH   TIME    DIR
---------------------------------------------------------------------------------------
 01   15.8   24.8  14:58   11.9  06:50    2.5    0.0   0.00    0.9   16.6  18:32     95
 02   16.4   21.4  09:41   13.2  00:00    2.0    0.0   0.00    0.7   10.8  11:35    286
 03   17.0   24.5  15:16   11.8  06:33    1.4    0.0   0.00    0.9   10.8  11:25     93
 04   17.8   26.1  17:47   11.3  06:37    0.5    0.0   0.00    0.8    8.3  10:26    179
 05   19.4   27.1  16:29   12.9  06:41    0.0    1.1   0.00    0.8    7.2  12:23    206
 06   20.7   26.2  14:46   16.8  05:00    0.0    2.3   0.00    1.3   11.9  14:09    235
 07   18.3   23.8  17:09   15.4  22:58    0.0    0.0   0.00    0.6    9.4  05:54    264
 08   19.1   25.9  14:38   14.8  06:19    0.0    0.8   0.00    0.9    9.4  11:55    183
 09   19.3   27.8  15:20   13.3  07:14    0.0    1.0   0.00    1.2    7.9  16:02    228
 10   20.2   27.3  14:08   15.3  06:21    0.0    1.8   0.00    1.2   13.3  16:34    219
 11   20.2   27.6  15:13   14.7  06:25    0.0    1.9   0.00    1.3   13.7  16:18    227
 12   20.6   27.9  15:26   14.5  06:45    0.0    2.3   0.00    1.3   15.5  15:30    236
 13   21.5   29.8  17:22   15.3  06:55    0.0    3.2   0.00    1.3   18.7  04:19    215
 14   21.4   29.4  15:35   15.5  06:57    0.0    3.0   0.00    1.5   16.9  15:21    227
 15   21.1   29.3  14:42   15.0  05:51    0.0    2.8   0.00    1.9   18.0  17:16    236
 16   20.4   28.9  16:38   14.6  07:27    0.0    2.1   0.00    1.6   16.9  19:26    221
 17   19.0   27.6  16:59   13.3  07:09    0.0    0.6   0.00    1.5  184.0  23:39    262
 18   19.2   27.2  14:15   12.6  06:47    0.0    0.9   0.00    1.4  183.6  01:16    200
 19   18.7   26.1  15:04   13.1  07:20    0.0    0.4   0.00    2.1  183.6  01:16    191
 20   18.6   26.1  16:11   12.6  07:12    0.0    0.3   0.00    1.8   21.2  16:38    223
 21   18.8   25.8  17:08   13.5  06:43    0.0    0.5   0.00    1.6  183.6  03:12    244
 22   16.7   22.1  15:06   14.1  02:48    1.7    0.0   0.00    1.4  183.6  23:33    189
 23   17.5   21.9  16:54   15.8  08:02    0.8    0.0   0.00    1.4  183.6  01:58    175
 24   17.7   23.2  13:40   14.8  02:48    0.6    0.0   0.00    6.9  183.6  22:07    327
 25   15.3   19.4  13:05   11.1  22:59    3.0    0.0   0.00   95.6  183.6  12:00    338
 26   12.5   17.9  11:59    8.9  06:45    5.8    0.0   0.00    5.0  183.6  00:33    347
 27   10.5   15.9  13:08    6.6  05:48    7.9    0.0   0.00    2.8  183.6  15:55     39
 28   10.7   13.9  16:21  -19.0  17:39    7.6    0.0   0.00    5.5  183.6  02:25    226
 29   12.5   20.1  15:09    7.8  03:45    5.8    0.0   0.00    3.9  183.6  12:29    176
 30   13.4   21.0  16:58   -7.6  10:34    5.0    0.0   0.00    2.8  183.6  09:07    145
---------------------------------------------------------------------------------------
      17.7   29.8     13  -19.0     28   44.6   24.9   0.00    1.6  184.0     17    240
    
Updated: 30/09/20 21:25:00