Cusighe Meteo

46° 09.60' N | 012° 13.20' E | 392 meters | Show on map

Tabelle Climatiche di August 2020

26/10/20 13:05:00 CET

Stazione:LaCrosse WS-2300
Software:WeeWX v4.1.1
Aggiornamento Weewx:8 days, 3 hours, 5 minutes
Aggiornamento Server:27 days, 20 hours, 4 minutes
                   MONTHLY CLIMATOLOGICAL SUMMARY for Aug 2020


NAME: Cusighe Meteo                  
ELEV: 392 meters    LAT: 46-09.60 N    LONG: 012-13.20 E


                   TEMPERATURE (°C), RAIN (cm), WIND SPEED (km/h)

                                         HEAT   COOL         AVG
      MEAN                               DEG    DEG          WIND                   DOM
DAY   TEMP   HIGH   TIME    LOW   TIME   DAYS   DAYS   RAIN  SPEED   HIGH   TIME    DIR
---------------------------------------------------------------------------------------
 01   25.6   34.8  15:46   18.9  05:45    0.0    7.3   0.00    1.2   25.6  22:29    249
 02   21.6   30.1  15:03   18.1  02:31    0.0    3.3   0.00    1.2   14.8  17:56    269
 03   20.5   25.6  13:17   17.7  06:37    0.0    2.2   0.00    0.9   19.1  04:43    239
 04   16.5   22.3  11:57   13.6  23:01    1.8    0.0   0.00    1.1   17.3  12:24    244
 05   18.4   26.3  15:43   13.9  01:35    0.0    0.1   0.00    0.8   32.4  15:54    253
 06   20.7   29.1  17:42   13.6  06:02    0.0    2.4   0.00    0.8    7.6  15:08    248
 07   23.0   30.6  15:48   17.9  06:10    0.0    4.6   0.00    1.1    9.7  16:20    244
 08   22.8   32.0  16:25   15.4  05:56    0.0    4.5   0.00    1.1    7.6  10:26    254
 09   23.6   31.8  14:41   15.9  06:10    0.0    5.2   0.00    1.2   10.1  17:48    247
 10   24.5   32.1  16:02   17.9  06:30    0.0    6.2   0.00    1.3    9.4  20:27    258
 11   22.9   31.5  15:14   17.4  20:05    0.0    4.6   0.00    1.4   16.2  20:05    285
 12   22.0   30.4  14:49   16.3  06:22    0.0    3.6   0.00    0.9    8.3  16:17    208
 13   23.8   30.3  12:57   18.8  05:32    0.0    5.5   0.00    1.2   12.2  17:52    276
 14   17.2   27.2  13:15  -19.8  11:40    1.2    0.0   0.00    1.2   28.1  15:28    315
 15   20.4   29.3  16:47   14.6  06:35    0.0    2.1   0.00    0.6    6.5  15:38    242
 16   22.5   30.1  13:29   17.1  05:00    0.0    4.2   0.00    0.9    9.4  13:48    243
 17   20.2   28.8  12:04   16.9  23:32    0.0    1.9   0.00    1.0   12.6  13:19    259
 18   19.6   28.4  16:14   16.1  23:40    0.0    1.3   0.00    1.2   14.4  19:05    294
 19   20.2   27.8  14:44   13.9  06:29    0.0    1.9   0.00    1.0    9.4  01:29    251
 20   22.8   29.9  14:49   17.7  06:32    0.0    4.5   0.00    1.0    9.4  15:57    241
 21   24.2   31.0  13:42   20.0  01:27    0.0    5.9   0.00    0.8   11.9  15:27    235
 22   24.0   30.3  12:43   17.9  23:58    0.0    5.6   0.00    1.1   11.9  15:39    267
 23   20.3   27.9  15:02   15.8  05:28    0.0    2.0   0.00    1.3   16.6  18:17    275
 24   19.9   26.0  13:24   15.8  23:30    0.0    1.6   0.00    1.3   10.8  21:45    277
 25   18.7   26.4  14:21   12.8  06:39    0.0    0.3   0.00    0.8    8.3  14:13    279
 26   19.6   26.6  16:50   14.1  06:31    0.0    1.2   0.00    0.5    6.5  15:13    250
 27   21.4   28.4  14:49   15.3  06:09    0.0    3.0   0.00    1.2   14.0  16:02    255
 28   20.7   27.2  13:07   16.9  05:42    0.0    2.4   0.00    1.3   14.4  19:35    290
 29   19.4   27.3  12:26   16.1  21:40    0.0    1.0   0.00    1.6   29.5  16:42    312
 30   17.5   23.9  16:08   14.1  23:28    0.8    0.0   0.00    0.9   15.8  10:40    307
 31   15.1   19.9  12:44   12.3  22:05    3.2    0.0   0.00    0.7   18.0  18:04    254
---------------------------------------------------------------------------------------
      21.0   34.8     01  -19.8     14    7.0   88.6   0.00    1.1   32.4     05    263
    
Updated: 01/09/20 00:00:00