Cusighe Meteo

46° 09.60' N | 012° 13.20' E | 392 meters | Show on map

Tabelle Climatiche di October 2020

26/10/20 13:15:00 CET

Stazione:LaCrosse WS-2300
Software:WeeWX v4.1.1
Aggiornamento Weewx:8 days, 3 hours, 16 minutes
Aggiornamento Server:27 days, 20 hours, 14 minutes
                   MONTHLY CLIMATOLOGICAL SUMMARY for Oct 2020


NAME: Cusighe Meteo                  
ELEV: 392 meters    LAT: 46-09.60 N    LONG: 012-13.20 E


                   TEMPERATURE (°C), RAIN (cm), WIND SPEED (km/h)

                                         HEAT   COOL         AVG
      MEAN                               DEG    DEG          WIND                   DOM
DAY   TEMP   HIGH   TIME    LOW   TIME   DAYS   DAYS   RAIN  SPEED   HIGH   TIME    DIR
---------------------------------------------------------------------------------------
 01   13.2   15.8  15:40   11.4  05:30    5.2    0.0   0.00    0.0    6.1  14:32    254
 02   13.0   14.5  18:20   10.9  03:19    5.3    0.0   0.00    0.1    8.3  19:03    305
 03   14.6   17.4  10:18  -19.6  18:00    3.8    0.0   0.00    1.4   19.1  12:06    344
 04   13.7   17.6  09:30  -20.0  00:44    4.6    0.0   0.00    0.4    8.6  16:17    299
 05   15.7   19.3  13:54  -20.0  07:03    2.6    0.0   0.00    0.8   10.8  16:27     33
 06   19.0   22.7  08:35   15.2  00:01    0.0    0.7   0.00    0.5    7.9  11:41    208
 07   22.1   32.1  20:54  -10.0  23:32    0.0    3.8   0.00    0.8    9.0  16:07    217
 08   12.3   20.3  14:44    6.4  07:40    6.1    0.0   0.00    2.3  183.6  09:27    112
 09   12.6   19.8  14:23    7.2  07:07    5.7    0.0   0.00    1.7    9.4  12:21    140
 10   13.8   19.9  14:48    9.3  03:58    4.5    0.0   0.00    3.4  183.6  12:04    230
 11    8.9   13.1  00:15    7.4  10:03    9.4    0.0   0.00   21.2   91.8  16:58    334
 12    9.4   17.5  15:58    4.3  23:57    8.9    0.0   0.00    8.5  184.0  12:36    262
 13    7.5   16.6  15:23    1.1  07:26   10.8    0.0   0.00    2.9  183.6  11:02    152
 14    7.4   14.9  13:55    1.3  07:15   10.9    0.0   0.00    3.2  183.6  11:24    145
 15    7.9    9.0  19:02    6.3  00:34   10.5    0.0   0.00   76.4   91.8  14:30    330
 16    9.8   15.1  15:03    5.9  06:25    8.5    0.0   0.00   13.8  183.6  11:34    334
 17   10.7   16.3  14:34    6.9  07:32    7.6    0.0   0.00    3.5    4.0  14:46    144
 18   11.3   17.5  14:58    7.9  22:07    7.0    0.0   0.00   12.1  183.6  14:34    232
 19   11.2   16.9  13:25    8.1  07:30    7.1    0.0   0.00    N/A    N/A    N/A    N/A
 20   11.4   16.3  15:14  -30.0  09:44    6.9    0.0   0.00    3.9   13.3  12:20    142
 21   11.4   17.0  14:16    7.1  04:30    6.9    0.0   0.00    3.1    7.9  11:56    158
 22   12.4   17.3  14:04    8.8  07:24    6.0    0.0   0.00    2.7  183.6  13:50    206
 23   12.1   14.2  13:31   10.8  07:32    6.3    0.0   0.00    1.3  183.6  00:24     82
 24   14.2   20.0  14:22   11.6  04:00    4.2    0.0   0.00   12.6   91.8  02:00    271
 25   14.1   19.1  13:10   11.1  04:27    4.3    0.0   0.00    N/A    N/A    N/A    N/A
 26   11.9   13.6  13:10   10.9  05:15    6.5    0.0   0.00    N/A    N/A    N/A    N/A
 27
 28
 29
 30
 31
---------------------------------------------------------------------------------------
      12.4   32.1     07  -30.0     20  159.7    4.5   0.00    1.5  184.0     12    258
    
Updated: 26/10/20 13:15:00