Cusighe Meteo

46° 09.60' N | 012° 13.20' E | 392 meters | Show on map

Tabelle Climatiche di November 2020

29/11/20 01:55:00 CET

Stazione:LaCrosse WS-2300
Software:WeeWX v4.1.1
Aggiornamento Weewx:41 days, 15 hours, 56 minutes
Aggiornamento Server:61 days, 8 hours, 54 minutes
                   MONTHLY CLIMATOLOGICAL SUMMARY for Nov 2020


NAME: Cusighe Meteo                  
ELEV: 392 meters    LAT: 46-09.60 N    LONG: 012-13.20 E


                   TEMPERATURE (°C), RAIN (cm), WIND SPEED (km/h)

                                         HEAT   COOL         AVG
      MEAN                               DEG    DEG          WIND                   DOM
DAY   TEMP   HIGH   TIME    LOW   TIME   DAYS   DAYS   RAIN  SPEED   HIGH   TIME    DIR
---------------------------------------------------------------------------------------
 01    9.2   15.0  14:03    4.1  07:16    9.1    0.0   0.00    N/A    N/A    N/A    N/A
 02   10.3   17.5  13:35    5.5  06:50    8.0    0.0   0.00    7.8  183.6  09:25     61
 03   10.8   13.6  14:46    9.3  07:21    7.5    0.0   0.00    2.1    5.8  16:41    311
 04   11.3   12.8  14:40   10.3  07:25    7.0    0.0   0.00    N/A    N/A    N/A    N/A
 05   12.1   19.0  14:53    8.3  04:51    6.3    0.0   0.00    1.4  183.6  20:10    273
 06   11.8   19.1  14:45    7.6  23:58    6.5    0.0   0.00    1.3  183.6  04:39    216
 07   10.0   17.7  14:18    4.5  06:58    8.3    0.0   0.00    1.3  183.6  04:45    169
 08    9.3   16.5  13:38    3.5  07:03    9.0    0.0   0.00    0.9  183.6  02:10    251
 09    8.7   17.1  14:24    3.1  07:01    9.6    0.0   0.00    0.9  183.6  00:17    317
 10    8.3   16.3  13:12    2.6  07:21   10.1    0.0   0.00    0.8  183.6  13:27    247
 11    8.1   15.9  13:42    2.4  07:21   10.2    0.0   0.00    0.9  183.6  14:20     34
 12    6.5   11.8  12:05    2.4  07:22   11.8    0.0   0.00    1.2  183.6  12:22    251
 13    6.5   12.6  13:36    0.6  07:00   11.8    0.0   0.00    1.1  183.6  01:05    198
 14    8.0   13.6  14:17    4.1  23:49   10.3    0.0   0.00    1.2  183.6  18:52    195
 15    6.9   13.6  13:43    1.4  06:34   11.4    0.0   0.00    0.9   30.6  13:19    198
 16    7.2   12.9  14:19    3.1  23:56   11.2    0.0   0.00    1.0  183.6  16:00    218
 17    6.2   12.3  14:34    2.7  00:39   12.2    0.0   0.00    1.7  183.6  01:06    225
 18    6.3   14.4  14:13    0.9  06:58   12.1    0.0   0.00    1.2  183.6  08:20    288
 19    7.0   15.1  14:36    1.0  07:05   11.4    0.0   0.00    1.3  183.6  03:01    270
 20    7.9   14.5  13:46    2.1  23:53   10.5    0.0   0.00    3.0  183.6  00:52    239
 21    3.2   10.2  13:16   -1.7  07:38   15.1    0.0   0.00    1.8  183.6  10:14    244
 22    2.0    9.6  14:41   -2.9  06:06   16.4    0.0   0.00    1.2  183.6  00:16    268
 23    2.9   10.4  13:27   -2.4  07:30   15.5    0.0   0.00    1.0  183.6  00:55    252
 24    3.3   11.2  14:27   -1.6  07:33   15.0    0.0   0.00    1.1   31.3  15:07    300
 25    3.2   11.8  14:23   -1.9  07:24   15.2    0.0   0.00    0.9  183.6  10:49    320
 26    3.1   11.2  14:15   -1.8  08:03   15.2    0.0   0.00    0.9   27.7  12:06    294
 27    2.5   10.7  14:29   -2.6  07:35   15.8    0.0   0.00    0.8  183.6  15:11    296
 28    2.7   10.4  14:43   -2.5  07:23   15.6    0.0   0.00    0.9  183.6  21:34    303
 29    0.7    1.6  00:03    0.1  01:38   17.6    0.0   0.00    0.7   13.0  01:49    289
 30
---------------------------------------------------------------------------------------
       7.0   19.1     06   -2.9     22  335.6    0.0   0.00    1.2  183.6     02    253
    
Updated: 29/11/20 01:55:00