Cusighe Meteo Belluno

46° 09.45' N | 012° 13.57' E | 392 meters | Show on map

Tabelle Climatiche di December 2020

06/12/22 08:00:00 CET

Stazione:weatherstation via interceptor
Software:WeeWX v4.5.1
Aggiornamento Weewx:19 days, 9 hours, 43 minutes
Aggiornamento Server:21 days, 10 hours, 51 minutes
                   MONTHLY CLIMATOLOGICAL SUMMARY for Dec 2020


NAME: Cusighe Meteo Belluno                  
ELEV: 392 meters    LAT: 46-09.45 N    LONG: 012-13.57 E


                   TEMPERATURE (°C), RAIN (mm), WIND SPEED (m/s)

                                         HEAT   COOL         AVG
      MEAN                               DEG    DEG          WIND                   DOM
DAY   TEMP   HIGH   TIME    LOW   TIME   DAYS   DAYS   RAIN  SPEED   HIGH   TIME    DIR
---------------------------------------------------------------------------------------
 01
 02
 03
 04
 05
 06
 07
 08
 09
 10
 11
 12
 13    4.5   16.3  23:59   -1.1  15:42   13.8    0.0    0.0    0.6    2.1  23:59    272
 14   10.0   21.1  03:42   -1.1  15:42    8.3    0.0    5.1    3.6    5.4  13:42     46
 15   10.0   21.1  03:42   -1.1  15:42    8.3    0.0    5.1    0.8    3.3  00:00    237
 16   10.0   21.1  03:42   -1.1  15:42    8.3    0.0    5.1    3.6    5.4  13:42     46
 17    7.9   21.1  03:42   -1.1  15:42   10.4    0.0    5.1    0.6    3.3  00:00    222
 18   10.0   21.1  09:27   -1.1  21:27    8.3    0.0    5.1    3.0    5.4  19:27     28
 19   13.2   21.1  09:27    1.3  00:00    5.2    0.0    5.1    2.9    4.9  00:00    104
 20
 21
 22
 23
 24
 25
 26   -0.9    4.1  16:04   -3.5  23:58   19.2    0.0    7.1    0.3    2.0  17:09    250
 27   -2.2    3.6  14:49   -5.9  07:35   20.6    0.0    0.3    0.3    3.1  14:00    205
 28   -1.3    0.4  21:25   -3.1  00:00   19.7    0.0    0.0    0.1    1.5  01:45    164
 29    0.3    1.5  11:48   -0.5  03:45   18.0    0.0    0.0    0.1    1.5  12:15    234
 30    1.7    5.0  13:41    0.4  00:06   16.7    0.0   10.9    0.1    2.0  13:26    232
 31    1.9    7.4  15:10   -0.9  22:24   16.5    0.0    1.0    0.2    2.6  20:54    221
---------------------------------------------------------------------------------------
       5.0   21.1     14   -5.9     27  173.3    0.0   49.8    1.3    5.4     14     45
    
Updated: 12/11/22 16:25:00