Cusighe Belluno

46° 08.37' N | 012° 12.96' E | 390 meters | Show on map

Tabelle Climatiche di December 2020

19/10/21 23:15:00 CEST

Stazione:ecowitt-client
Software:WeeWX v4.5.1
Aggiornamento Weewx:3 days, 14 hours, 33 minutes
Aggiornamento Server:58 days, 6 hours, 4 minutes
                   MONTHLY CLIMATOLOGICAL SUMMARY for Dec 2020


NAME: Cusighe Belluno                  
ELEV: 390 meters    LAT: 46-08.37 N    LONG: 012-12.96 E


                   TEMPERATURE (°C), RAIN (cm), WIND SPEED (km/h)

                                         HEAT   COOL         AVG
      MEAN                               DEG    DEG          WIND                   DOM
DAY   TEMP   HIGH   TIME    LOW   TIME   DAYS   DAYS   RAIN  SPEED   HIGH   TIME    DIR
---------------------------------------------------------------------------------------
 01
 02
 03
 04
 05
 06
 07
 08
 09
 10
 11
 12
 13    4.5   16.3  23:59   -1.1  15:42   13.8    0.0   0.00    2.2    7.5  23:59    272
 14   10.0   21.1  03:42   -1.1  15:42    8.3    0.0   0.51   13.0   19.3  13:42     46
 15   10.0   21.1  03:42   -1.1  15:42    8.3    0.0   0.51    3.1   11.8  00:00    237
 16   10.0   21.1  03:42   -1.1  15:42    8.3    0.0   0.51   13.0   19.3  13:42     46
 17    7.9   21.1  03:42   -1.1  15:42   10.4    0.0   0.51    2.3   11.8  00:00    222
 18   10.0   21.1  09:27   -1.1  21:27    8.3    0.0   0.51   10.9   19.3  19:27     28
 19   13.2   21.1  09:27    1.3  00:00    5.2    0.0   0.51   10.5   17.7  00:00    104
 20
 21
 22
 23
 24
 25
 26   -0.9    4.1  16:04   -3.5  23:58   19.2    0.0   0.71    1.0    7.2  17:09    250
 27   -2.2    3.6  14:49   -5.9  07:35   20.6    0.0   0.03    1.0   11.1  14:00    205
 28   -1.3    0.4  21:25   -3.1  00:00   19.7    0.0   0.00    0.3    5.5  01:45    164
 29    0.3    1.5  11:48   -0.5  03:45   18.0    0.0   0.00    0.2    5.5  12:15    234
 30    1.7    5.0  13:41    0.4  00:06   16.7    0.0   1.09    0.4    7.2  13:26    232
 31    1.9    7.4  15:10   -0.9  22:24   16.5    0.0   0.10    0.7    9.3  20:54    221
---------------------------------------------------------------------------------------
       5.0   21.1     14   -5.9     27  173.3    0.0   4.98    4.5   19.3     14     45
    
Updated: 22/08/21 16:10:00