Cusighe Belluno

46° 10.10' N | 012° 13.33' E | 397 meters | Show on map

Tabelle Climatiche di February 2021

07/05/2021 09:30:00 CEST

Stazione:ecowitt-client
Software:WeeWX v4.2.0
Aggiornamento Weewx:1 day, 15 hours, 13 minutes
Aggiornamento Server:124 days, 20 hours, 20 minutes
                   MONTHLY CLIMATOLOGICAL SUMMARY for feb 2021


NAME: Cusighe Belluno                  
ELEV: 397 meters    LAT: 46-08.68 N    LONG: 012-13.06 E


                   TEMPERATURE (°C), RAIN (mm), WIND SPEED (km/h)

                                         HEAT   COOL         AVG
      MEAN                               DEG    DEG          WIND                   DOM
DAY   TEMP   HIGH   TIME    LOW   TIME   DAYS   DAYS   RAIN  SPEED   HIGH   TIME    DIR
---------------------------------------------------------------------------------------
 01    4,4    9,4  14:48    2,2  04:58   13,9    0,0    0,0    0,9   11,1  13:06    213
 02    4,4    8,4  16:21    2,7  04:58   13,9    0,0    0,0    0,8   11,1  13:47    198
 03    3,9    6,0  12:17    2,8  05:13   14,4    0,0    0,3    0,4    5,5  09:12    201
 04    4,6    8,3  14:11    2,7  07:28   13,8    0,0    0,0    0,8    9,3  11:27    196
 05    6,5   12,2  14:33    3,8  02:16   11,9    0,0    0,0    1,0   11,1  13:36    147
 06    6,2    8,3  15:25    4,6  04:21   12,1    0,0    0,0    0,5    5,5  00:15    155
 07    5,3    6,1  13:11    4,5  10:02   13,1    0,0   37,3    1,8   14,8  11:23    269
 08    6,3   12,0  14:34    3,2  23:58   12,1    0,0   10,4    2,0   20,1  15:44    305
 09    6,2   10,9  14:56    2,5  02:35   12,1    0,0    0,0    1,2   11,1  12:49     79
 10    5,2    6,3  00:00    3,3  23:46   13,1    0,0   23,6    1,0   11,1  15:42    165
 11    5,2   11,3  14:30    1,8  20:17   13,2    0,0    0,0    2,3   20,1  15:20    270
 12   -0,4    2,0  00:05   -2,1  23:50   18,7    0,0    0,0    3,9   23,8  01:49     49
 13   -1,3    3,7  14:07   -5,3  07:30   19,6    0,0    0,0    3,8   29,5  14:55     69
 14   -1,8    6,4  15:53   -7,7  06:25   20,1    0,0    0,0    2,2   13,0  15:25    272
 15   -1,3    6,6  16:46   -7,3  07:00   19,7    0,0    0,0    1,5   11,1  12:08    222
 16    0,8    7,8  15:42   -4,9  06:10   17,6    0,0    0,0    1,4    9,3  13:06    188
 17    2,8   10,7  13:59   -1,8  06:16   15,5    0,0    0,0    1,7   11,1  15:10    163
 18    3,0    9,8  14:11   -2,7  06:24   15,4    0,0    0,0    1,9   13,0  15:04    133
 19    5,1   11,5  15:27    2,4  21:58   13,3    0,0    0,0    1,1   11,1  13:44    181
 20    6,2   14,5  15:37    2,2  07:54   12,2    0,0    0,0    1,4   13,0  14:19    208
 21    6,3   10,1  14:13    3,0  00:07   12,0    0,0    0,0    0,9   13,0  14:50    244
 22    7,5   15,1  14:55    2,6  07:26   10,8    0,0    0,0    1,9   13,0  12:23    222
 23    7,6   18,3  16:20    0,8  07:09   10,7    0,0    0,0    2,1   11,1  13:19    166
 24    9,0   19,6  15:59    1,7  06:56    9,4    0,0    0,0    2,0    9,3  12:58    150
 25    9,3   19,7  16:33    1,0  07:09    9,0    0,0    0,0    2,2   11,1  13:17    169
 26    9,3   19,6  16:46    1,2  07:23    9,0    0,0    0,0    2,3    9,3  12:42    203
 27    9,5   19,3  14:51    2,1  06:19    8,8    0,0    0,0    2,4   20,1  15:51    229
 28    7,1   15,4  16:41    1,2  05:44   11,2    0,0    0,0    2,3   14,8  12:55     66
---------------------------------------------------------------------------------------
       4,9   19,7     25   -7,7     14  376,3    0,0   71,6    1,7   29,5     13    175
    
Updated: 01/03/2021 00:00:00