Cusighe Belluno

46° 08.37' N | 012° 12.96' E | 390 meters | Show on map

Tabelle Climatiche di March 2021

19/10/21 23:00:00 CEST

Stazione:ecowitt-client
Software:WeeWX v4.5.1
Aggiornamento Weewx:3 days, 14 hours, 17 minutes
Aggiornamento Server:58 days, 5 hours, 49 minutes
                   MONTHLY CLIMATOLOGICAL SUMMARY for Mar 2021


NAME: Cusighe Belluno                  
ELEV: 390 meters    LAT: 46-08.37 N    LONG: 012-12.96 E


                   TEMPERATURE (°C), RAIN (cm), WIND SPEED (km/h)

                                         HEAT   COOL         AVG
      MEAN                               DEG    DEG          WIND                   DOM
DAY   TEMP   HIGH   TIME    LOW   TIME   DAYS   DAYS   RAIN  SPEED   HIGH   TIME    DIR
---------------------------------------------------------------------------------------
 01    6.6   17.6  15:21   -1.1  06:22   11.7    0.0   0.00    2.3   13.0  12:15    253
 02    7.2   18.0  15:24   -0.7  06:18   11.1    0.0   0.00    2.3   11.1  11:33    235
 03    7.3   15.2  14:42    0.1  06:25   11.0    0.0   0.00    2.1   13.0  11:50    186
 04    7.1   13.1  13:02    1.9  06:01   11.3    0.0   0.00    1.7   11.1  12:20    206
 05    8.7   14.4  15:00    5.1  07:09    9.6    0.0   0.08    2.4   18.3  15:24    232
 06    4.9    9.8  15:40    1.0  22:38   13.4    0.0   0.00    2.8   18.3  04:00    271
 07    4.0   11.4  15:23   -1.1  05:30   14.3    0.0   0.00    2.7   16.6  15:08    224
 08    4.4   12.6  14:11   -2.7  06:59   14.0    0.0   0.00    2.1   18.3  15:10    221
 09    5.6   13.1  14:01   -1.4  06:46   12.7    0.0   0.10    2.6   21.9  16:16    217
 10    6.4   13.6  15:38    2.3  23:58   12.0    0.0   0.00    2.7   20.1  16:07    239
 11    4.9    9.0  13:56    1.0  05:51   13.4    0.0   0.00    1.2   11.1  13:15    268
 12    7.3   13.9  13:22    0.3  06:59   11.0    0.0   0.00    2.8   18.3  14:02    229
 13    7.4   14.6  13:06    0.6  04:45   10.9    0.0   0.00    2.7   18.3  13:52    236
 14    5.6    9.3  14:09   -0.3  23:26   12.7    0.0   0.43    2.6   38.5  13:12     26
 15    4.6   13.9  14:35   -2.9  06:04   13.8    0.0   0.03    2.3   16.6  15:58    248
 16    5.7   13.2  15:58   -1.0  05:46   12.6    0.0   0.00    3.7   36.7  13:13    352
 17    4.3   11.9  13:54   -1.8  06:10   14.0    0.0   0.00    2.8   33.2  13:37    337
 18    3.3   10.1  11:52   -2.2  05:24   15.0    0.0   0.00    3.1   29.5  15:51    265
 19    2.3    8.0  11:36   -1.3  23:52   16.0    0.0   0.02    2.5   21.9  13:19    287
 20    2.1    8.4  12:44   -3.7  06:36   16.3    0.0   0.00    2.7   18.3  12:49    254
 21    2.0   10.5  16:13   -4.5  06:01   16.4    0.0   0.00    2.5   14.8  14:45    256
 22    4.8   13.8  14:01   -4.2  06:05   13.5    0.0   0.00    3.3   18.3  12:40    270
 23    5.6   13.1  15:45   -1.7  05:57   12.7    0.0   0.00    3.1   23.8  14:33    252
 24    7.2   16.7  15:44   -0.8  05:00   11.2    0.0   0.00    2.7   16.6  14:24    224
 25    9.1   18.6  14:01    0.3  06:22    9.2    0.0   0.00    2.9   18.3  17:11    230
 26   10.1   17.6  13:03    3.1  05:09    8.2    0.0   0.00    3.1   21.9  13:27    237
 27   10.3   15.1  13:32    4.2  06:09    8.1    0.0   0.00    2.2   14.8  12:34    222
 28   11.9   17.3  14:21    7.4  01:36    6.5    0.0   0.00    2.4   21.9  16:34    243
 29   13.0   21.3  16:48    6.5  07:10    5.3    0.0   0.00    2.4   14.8  14:15    238
 30   14.1   25.3  16:19    5.2  06:56    4.3    0.0   0.00    2.8   16.6  16:24    245
 31   14.8   25.2  16:03    6.7  05:54    3.5    0.0   0.00    2.9   16.6  17:07    245
---------------------------------------------------------------------------------------
       6.8   25.3     30   -4.5     21  355.7    0.0   0.66    2.6   38.5     14    241
    
Updated: 22/08/21 16:10:00