Cusighe Belluno

46° 10.10' N | 012° 13.33' E | 397 meters | Show on map

Tabelle Climatiche di April 2021

17/07/2021 13:40:00 CEST

Stazione:ecowitt-client
Software:WeeWX v4.2.0
Aggiornamento Weewx:19 days, 2 hours, 29 minutes
Aggiornamento Server:196 days, 0 hours, 30 minutes
                   MONTHLY CLIMATOLOGICAL SUMMARY for apr 2021


NAME: Cusighe Belluno                  
ELEV: 397 meters    LAT: 46-10.10 N    LONG: 012-13.33 E


                   TEMPERATURE (°C), RAIN (mm), WIND SPEED (km/h)

                                         HEAT   COOL         AVG
      MEAN                               DEG    DEG          WIND                   DOM
DAY   TEMP   HIGH   TIME    LOW   TIME   DAYS   DAYS   RAIN  SPEED   HIGH   TIME    DIR
---------------------------------------------------------------------------------------
 01   15,5   25,5  15:09    7,4  06:40    2,9    0,0    0,0    2,8   20,1  17:16    236
 02   15,8   24,7  14:54    7,5  07:03    2,5    0,0    0,0    2,9   20,1  16:05    245
 03   12,3   17,1  14:30    7,5  06:42    6,1    0,0    0,3    4,0   21,9  17:50    268
 04    8,9   14,2  16:02    4,1  07:07    9,5    0,0    1,0    3,7   23,8  14:13    249
 05    7,5   14,8  14:44    1,3  04:29   10,9    0,0    0,0    2,7   18,3  12:23    219
 06    6,6   12,0  13:53   -0,1  23:55   11,8    0,0    0,0    5,1   31,4  14:45    276
 07    2,6    9,3  16:30   -2,0  03:26   15,7    0,0    0,0    3,9   40,4  15:30     29
 08    5,0   13,5  15:19   -3,1  05:00   13,4    0,0    0,0    3,5   20,1  15:06    225
 09    7,2   13,6  13:36   -0,7  06:28   11,2    0,0    0,0    2,5   20,1  15:54    256
 10   10,0   14,9  11:52    4,7  06:20    8,3    0,0    0,0    1,6   13,0  13:46    284
 11    8,3   10,0  13:11    6,8  05:58   10,1    0,0   11,9    0,7    9,3  13:36    285
 12    8,3   10,0  15:13    5,6  23:53   10,0    0,0   38,4    1,5   20,1  23:25    223
 13    5,9   11,7  15:39    2,1  04:16   12,4    0,0   16,0    3,1   20,1  13:52    247
 14    5,9   13,4  16:14   -1,2  06:27   12,5    0,0    0,0    3,5   18,3  16:41    153
 15    5,5   10,3  15:42    2,4  07:05   12,8    0,0    2,3    3,4   23,8  11:23    331
 16    6,2   13,9  17:12    0,0  05:58   12,1    0,0    0,2    2,7   16,6  18:35    214
 17    7,7   15,6  15:53    0,5  06:50   10,6    0,0    0,0    3,5   20,1  16:39    243
 18    8,2   13,6  16:51    3,8  02:20   10,1    0,0    0,0    2,1   18,3  14:14     31
 19    8,8   14,0  16:56    4,1  06:20    9,5    0,0    0,3    2,6   18,3  14:31    309
 20    8,7   17,4  13:04    2,1  06:08    9,6    0,0    1,3    2,4   20,1  15:07    307
 21    9,4   17,1  12:28    3,4  05:39    9,0    0,0    7,8    2,9   31,4  13:59    343
 22   11,5   17,8  12:59    4,4  06:12    6,8    0,0    0,0    2,8   18,3  14:02    252
 23   13,2   19,7  14:51    7,3  07:12    5,2    0,0    0,0    3,0   20,1  16:25    239
 24   13,0   20,8  15:07    5,9  06:14    5,3    0,0    0,0    3,0   20,1  17:23    244
 25   14,5   23,0  15:28    7,3  06:30    3,8    0,0    0,0    2,9   21,9  14:35    225
 26   10,9   13,8  00:00    9,0  23:21    7,4    0,0    5,4    1,0   13,0  09:33    271
 27   10,4   15,7  14:33    6,9  03:54    7,9    0,0    0,0    1,8   11,1  13:48    272
 28   12,3   19,4  16:16    4,7  06:07    6,1    0,0    0,0    2,8   21,9  14:32    246
 29   13,2   17,5  12:19   10,6  06:29    5,2    0,0    3,5    1,4   13,0  13:26     14
 30   13,7   19,0  12:58   11,4  04:56    4,7    0,0   26,7    2,2   20,1  14:24     20
---------------------------------------------------------------------------------------
       9,6   25,5     01   -3,1     08  263,2    0,0  115,1    2,7   40,4     07    255
    
Updated: 01/05/2021 00:00:00