Cusighe Belluno

46° 08.37' N | 012° 12.96' E | 390 meters | Show on map

Tabelle Climatiche di April 2021

20/10/21 00:20:00 CEST

Stazione:ecowitt-client
Software:WeeWX v4.5.1
Aggiornamento Weewx:3 days, 15 hours, 38 minutes
Aggiornamento Server:58 days, 7 hours, 9 minutes
                   MONTHLY CLIMATOLOGICAL SUMMARY for Apr 2021


NAME: Cusighe Belluno                  
ELEV: 390 meters    LAT: 46-08.37 N    LONG: 012-12.96 E


                   TEMPERATURE (°C), RAIN (cm), WIND SPEED (km/h)

                                         HEAT   COOL         AVG
      MEAN                               DEG    DEG          WIND                   DOM
DAY   TEMP   HIGH   TIME    LOW   TIME   DAYS   DAYS   RAIN  SPEED   HIGH   TIME    DIR
---------------------------------------------------------------------------------------
 01   15.5   25.5  15:09    7.4  06:40    2.9    0.0   0.00    2.8   16.6  13:11    236
 02   15.8   24.7  14:55    7.5  07:03    2.5    0.0   0.00    2.9   20.1  16:05    245
 03   12.3   17.1  14:30    7.5  06:42    6.1    0.0   0.02    4.0   20.1  17:48    269
 04    8.9   14.2  16:01    4.1  07:06    9.5    0.0   0.10    3.7   25.6  16:02    245
 05    7.5   14.8  14:43    1.3  04:29   10.9    0.0   0.00    2.7   18.3  16:07    219
 06    6.6   12.0  13:53   -0.1  23:55   11.8    0.0   0.00    5.2   31.4  14:45    277
 07    2.6    9.3  16:30   -2.0  03:26   15.7    0.0   0.00    4.0   36.7  15:23     23
 08    5.0   13.5  15:19   -3.1  05:00   13.4    0.0   0.00    3.5   21.9  16:16    226
 09    7.2   13.6  13:36   -0.7  06:27   11.2    0.0   0.00    2.5   20.1  14:00    255
 10   10.0   14.9  11:51    4.7  06:20    8.3    0.0   0.00    1.6   14.8  19:34    283
 11    8.2   10.0  13:11    0.3  09:05   10.1    0.0   1.06    0.6    9.3  13:33    278
 12    8.3   10.0  15:13    5.6  23:52   10.0    0.0   3.83    1.5   20.1  23:25    223
 13    5.9   11.7  15:39    2.1  04:15   12.4    0.0   1.60    3.1   14.8  00:04    246
 14    5.9   13.4  16:14   -1.2  06:27   12.5    0.0   0.00    3.5   18.3  16:41    154
 15    5.5   10.3  15:42    2.4  07:05   12.8    0.0   0.23    3.4   21.9  11:34    327
 16    6.2   13.9  17:13    0.0  05:58   12.1    0.0   0.03    2.7   18.3  18:32    216
 17    7.7   15.6  15:52    0.5  06:50   10.6    0.0   0.00    3.5   16.6  15:06    246
 18    8.2   13.6  16:52    3.8  02:19   10.1    0.0   0.00    2.2   16.6  16:01     32
 19    8.8   14.0  16:56    4.1  06:21    9.5    0.0   0.02    2.6   18.3  14:32    303
 20    8.7   17.4  13:03    2.1  06:08    9.6    0.0   0.13    2.4   21.9  15:05    307
 21    9.4   17.1  12:27    3.4  05:39    9.0    0.0   0.79    3.0   31.4  13:58    339
 22   11.5   17.8  12:59    4.5  06:10    6.8    0.0   0.00    2.8   20.1  14:03    251
 23   13.1   19.7  14:51    7.3  07:12    5.2    0.0   0.00    3.0   20.1  14:20    239
 24   13.0   20.8  15:07    5.9  06:15    5.3    0.0   0.00    3.0   20.1  17:23    244
 25   14.5   23.0  15:28    7.3  06:30    3.8    0.0   0.00    2.8   21.9  14:34    225
 26   10.9   13.8  00:00    9.0  23:21    7.4    0.0   0.53    1.0   13.0  09:31    272
 27   10.4   15.7  14:32    6.9  03:54    7.9    0.0   0.00    1.9   13.0  15:46    271
 28   12.3   19.4  16:17    4.7  06:07    6.1    0.0   0.00    2.9   21.9  15:41    244
 29   13.2   17.5  12:19   10.6  06:29    5.2    0.0   0.36    1.4   14.8  16:12     13
 30   13.7   19.0  12:58   11.4  04:55    4.7    0.0   2.66    2.2   21.9  14:22     20
---------------------------------------------------------------------------------------
       9.6   25.5     01   -3.1     08  263.3    0.0  11.36    2.7   36.7     07    256
    
Updated: 22/08/21 16:10:00