Cusighe Belluno

46° 10.10' N | 012° 13.33' E | 397 meters | Show on map

Tabelle Climatiche di June 2021

22/06/2021 17:50:00 CEST

Stazione:ecowitt-client
Software:WeeWX v4.2.0
Aggiornamento Weewx:1 day, 7 hours, 6 minutes
Aggiornamento Server:171 days, 4 hours, 40 minutes
                   MONTHLY CLIMATOLOGICAL SUMMARY for giu 2021


NAME: Cusighe Belluno                  
ELEV: 397 meters    LAT: 46-10.10 N    LONG: 012-13.33 E


                   TEMPERATURE (°C), RAIN (mm), WIND SPEED (km/h)

                                         HEAT   COOL         AVG
      MEAN                               DEG    DEG          WIND                   DOM
DAY   TEMP   HIGH   TIME    LOW   TIME   DAYS   DAYS   RAIN  SPEED   HIGH   TIME    DIR
---------------------------------------------------------------------------------------
 01   16,2   22,5  13:35   10,6  03:46    2,2    0,0    0,0    2,3   14,8  13:53    271
 02   18,1   25,2  16:31   12,5  02:36    0,3    0,0    0,0    2,4   14,8  12:55    268
 03   18,5   26,1  13:50   11,0  05:20    0,0    0,2    0,0    2,0   16,6  13:58    256
 04   19,9   28,1  14:13   14,9  01:17    0,0    1,6   32,3    2,8   38,5  20:34    268
 05   18,6   27,3  15:07   13,7  05:48    0,0    0,2   31,5    2,9   34,9  20:23    281
 06   17,5   23,7  15:50   14,4  01:52    0,9    0,0    9,6    1,9   16,6  14:26    264
 07   18,0   22,1  15:34   14,1  04:25    0,3    0,0    1,0    1,5    9,3  10:30    258
 08   19,8   28,3  17:18   15,2  04:46    0,0    1,5    0,0    2,4   27,7  19:41     44
 09   20,1   28,8  17:40   15,0  04:01    0,0    1,7    0,0    2,1   13,0  12:44    284
 10   19,0   26,3  13:40   15,0  23:29    0,0    0,7    0,8    2,2   20,1  15:05    282
 11   18,3   23,9  16:31   13,4  05:31    0,0    0,0    1,0    2,3   21,9  13:44    293
 12   20,6   29,7  14:21   12,3  05:18    0,0    2,3    0,0    2,4   20,1  15:43    256
 13   22,3   30,3  13:42   15,5  05:31    0,0    4,0    0,0    2,5   20,1  16:44    268
 14   22,2   27,9  14:27   16,8  05:38    0,0    3,9    0,0    3,0   20,1  13:28    262
 15   22,2   28,0  16:31   18,0  05:19    0,0    3,9    0,0    2,6   16,6  15:52    269
 16   21,9   28,9  13:22   15,5  05:09    0,0    3,5    0,0    2,3   20,1  15:25    252
 17   22,9   29,8  16:22   15,8  05:34    0,0    4,6    0,0    2,7   21,9  14:02    261
 18   22,0   28,3  15:50   17,1  04:56    0,0    3,7    8,9    1,9   16,6  01:47    265
 19   23,6   31,5  14:32   16,8  05:30    0,0    5,3    0,0    2,2   18,3  15:54    283
 20   24,0   30,9  16:53   18,5  05:19    0,0    5,6    0,0    2,0   25,6  17:28    281
 21   25,2   31,8  15:53   19,3  05:58    0,0    6,9    0,0    2,9   21,9  13:24    246
 22   24,1   30,9  14:14   18,0  05:18    0,0    5,8    0,0    3,4   21,9  15:55    252
 23
 24
 25
 26
 27
 28
 29
 30
---------------------------------------------------------------------------------------
      20,6   31,8     21   10,6     01    3,7   55,4   85,1    2,4   38,5     04    267
    
Updated: 22/06/2021 17:50:00