Cusighe Belluno

46° 08.37' N | 012° 12.96' E | 390 meters | Show on map

Tabelle Climatiche di July 2021

19/10/21 23:45:00 CEST

Stazione:ecowitt-client
Software:WeeWX v4.5.1
Aggiornamento Weewx:3 days, 15 hours, 2 minutes
Aggiornamento Server:58 days, 6 hours, 33 minutes
                   MONTHLY CLIMATOLOGICAL SUMMARY for Jul 2021


NAME: Cusighe Belluno                  
ELEV: 390 meters    LAT: 46-08.37 N    LONG: 012-12.96 E


                   TEMPERATURE (°C), RAIN (cm), WIND SPEED (km/h)

                                         HEAT   COOL         AVG
      MEAN                               DEG    DEG          WIND                   DOM
DAY   TEMP   HIGH   TIME    LOW   TIME   DAYS   DAYS   RAIN  SPEED   HIGH   TIME    DIR
---------------------------------------------------------------------------------------
 01   19.3   28.1  14:26   11.7  04:57    0.0    0.9   0.02    1.9   13.0  14:39    268
 02   21.5   28.7  12:57   15.8  06:06    0.0    3.2   0.00    2.3   16.6  15:57    286
 03   20.8   28.8  14:13   14.9  04:53    0.0    2.5   0.21    2.4   18.3  14:02    268
 04   20.0   25.9  14:00   16.8  23:50    0.0    1.7   1.14    1.8   16.6  15:42    268
 05   20.8   28.3  14:34   14.5  05:45    0.0    2.4   0.00    2.5   18.3  14:22    242
 06   22.8   30.9  17:34   14.9  05:46    0.0    4.5   0.00    2.5   16.6  15:54    252
 07   24.5   31.6  13:41   17.4  05:52    0.0    6.2   0.00    2.6   20.1  15:00    251
 08   21.4   29.5  14:45   16.2  22:28    0.0    3.0   4.90    2.8   46.0  21:46    269
 09   20.7   29.5  15:50   15.0  02:56    0.0    2.4   0.00    2.7   18.3  15:57    258
 10   22.4   29.8  13:21   15.6  05:50    0.0    4.1   0.00    2.6   21.9  15:20    259
 11   21.9   29.8  16:10   16.1  05:32    0.0    3.6   0.03    2.0   16.6  15:06    279
 12   23.3   30.1  13:46   16.5  06:08    0.0    4.9   0.00    2.3   18.3  15:05    267
 13   21.9   28.8  11:33   16.0  23:59    0.0    3.6   0.28    3.3   27.7  15:52     14
 14   17.2   24.0  11:17   13.9  05:20    1.1    0.0   0.96    2.4   25.6  12:34    341
 15   16.6   24.4  18:53   12.1  03:55    1.7    0.0   0.10    1.4   13.0  15:08    277
 16   18.7   25.0  13:30   14.1  03:25    0.0    0.3   0.11    1.8   18.3  14:54    264
 17   18.6   24.1  16:59   14.9  05:51    0.0    0.3   0.02    1.3    7.2  11:48     12
 18   21.1   28.8  17:11   15.8  03:43    0.0    2.8   0.00    1.9   14.8  15:35      4
 19   23.7   32.4  14:53   16.2  05:33    0.0    5.4   0.00    2.5   14.8  16:14    274
 20   23.7   30.5  17:14   17.6  03:21    0.0    5.3   0.00    2.3   20.1  15:25    251
 21   24.2   30.5  13:43   18.3  05:53    0.0    5.9   0.00    2.8   20.1  14:29    256
 22   22.7   28.5  12:29   17.7  19:38    0.0    4.4   1.53    2.6   16.6  12:03    302
 23
 24   25.5   30.5  12:40   20.6  23:17    0.0    7.1   0.08    2.7   20.1  15:31    300
 25   22.0   30.6  12:37   16.9  23:50    0.0    3.7   0.43    2.3   34.9  17:25    276
 26   20.3   29.9  15:04   15.2  06:06    0.0    1.9   1.01    2.5   23.8  15:51    275
 27   20.1   28.2  16:11   16.8  06:08    0.0    1.8   1.86    2.0   23.8  19:04    272
 28   20.3   30.0  14:03   15.9  04:28    0.0    1.9   0.73    1.9   27.7  18:09    259
 29   21.8   30.1  14:57   15.5  05:04    0.0    3.5   0.03    2.0   16.6  10:15    258
 30   22.8   31.3  14:41   17.8  04:07    0.0    4.5   0.38    2.1   20.1  15:43    286
 31   23.0   30.7  13:56   18.3  05:57    0.0    4.7   0.38    2.7   16.6  16:21    282
---------------------------------------------------------------------------------------
      21.4   32.4     19   11.7     01    2.8   96.5  14.20    2.3   46.0     08    272
    
Updated: 22/08/21 16:10:00