Cusighe Meteo Belluno

46° 09.45' N | 012° 13.57' E | 392 meters | Show on map

Tabelle Climatiche di September 2021

06/12/22 09:00:00 CET

Stazione:weatherstation via interceptor
Software:WeeWX v4.5.1
Aggiornamento Weewx:19 days, 10 hours, 43 minutes
Aggiornamento Server:21 days, 11 hours, 51 minutes
                   MONTHLY CLIMATOLOGICAL SUMMARY for Sep 2021


NAME: Cusighe Meteo Belluno                  
ELEV: 392 meters    LAT: 46-09.45 N    LONG: 012-13.57 E


                   TEMPERATURE (°C), RAIN (mm), WIND SPEED (m/s)

                                         HEAT   COOL         AVG
      MEAN                               DEG    DEG          WIND                   DOM
DAY   TEMP   HIGH   TIME    LOW   TIME   DAYS   DAYS   RAIN  SPEED   HIGH   TIME    DIR
---------------------------------------------------------------------------------------
 01   17.5   26.3  17:42   12.0  04:40    0.8    0.0    0.2    0.5    3.6  12:14    259
 02   18.9   25.7  16:04   14.1  06:41    0.0    0.5    0.0    0.5    3.6  12:49    269
 03   19.0   25.4  15:06   13.7  05:56    0.0    0.6    0.0    0.5    4.1  12:14    255
 04   18.3   27.1  14:29   11.5  06:54    0.0    0.0    0.0    0.5    3.6  14:38    264
 05   19.1   27.3  14:48   13.5  06:59    0.0    0.8   17.1    0.6   11.2  21:42    262
 06   18.4   26.6  13:56   12.0  06:11    0.0    0.0    0.2    0.4    3.6  15:12    254
 07   18.8   26.7  14:51   12.4  06:21    0.0    0.5    0.0    0.5    4.1  14:43    244
 08   18.3   27.0  14:53   11.9  06:36    0.0    0.0    0.0    0.5    4.6  16:50    259
 09   17.6   27.1  15:08   10.2  06:41    0.8    0.0    0.0    0.4    3.1  13:57    249
 10   17.7   26.7  16:09   10.6  06:38    0.6    0.0    0.0    0.5    4.1  14:36    247
 11   18.4   27.9  16:10   11.3  06:11    0.0    0.0    0.0    0.5    4.1  15:54    260
 12   20.1   28.9  15:40   13.6  06:54    0.0    1.8    0.0    0.5    4.1  15:52    258
 13   20.1   29.1  16:39   13.2  07:08    0.0    1.7    0.0    0.4    3.6  14:05    274
 14   19.9   29.5  16:36   13.0  06:26    0.0    1.6    0.0    0.6    3.6  16:09    287
 15   19.9   27.5  15:06   13.5  06:43    0.0    1.6    0.0    0.5    4.1  17:13    284
 16   19.1   21.8  16:45   16.9  07:07    0.0    0.8    4.6    0.3    2.0  08:58    322
 17   19.5   25.9  14:59   15.9  06:13    0.0    1.2   13.2    0.5    4.1  13:24    259
 18   19.9   26.0  16:07   16.7  07:03    0.0    1.6    0.0    0.6    5.1  16:55    259
 19   16.2   18.7  00:06   12.9  23:21    2.1    0.0   33.5    0.3    5.6  19:11    327
 20   15.5   22.9  13:30   12.7  00:26    2.8    0.0    6.4    0.5    6.6  15:47    303
 21   15.6   21.4  15:58   12.3  23:25    2.7    0.0    6.8    0.4    5.6  14:55    258
 22   14.7   19.6  13:41   10.9  23:35    3.6    0.0    0.0    0.2    2.6  11:59    268
 23   14.9   21.8  15:40    9.7  06:34    3.4    0.0    0.0    0.4    4.6  16:33    237
 24   16.5   22.4  14:48   12.0  05:58    1.8    0.0    0.0    0.4    4.6  14:13    231
 25   17.2   22.8  15:43   14.1  06:44    1.2    0.0    0.0    0.4    4.1  14:58    218
 26   17.6   22.8  12:35   13.4  05:59    0.8    0.0    0.5    0.4    3.1  11:17    272
 27   18.1   23.1  17:30   14.6  23:57    0.3    0.0    0.0    0.3    3.1  13:54    263
 28   17.9   27.0  14:58   11.9  06:25    0.5    0.0    0.3    0.3    3.1  14:59    247
 29   17.4   25.8  15:02   13.3  05:36    0.9    0.0   14.0    0.5    5.1  19:23    284
 30   16.4   22.3  14:18   12.2  04:30    1.9    0.0    0.2    0.6    4.1  00:15    240
---------------------------------------------------------------------------------------
      18.0   29.5     14    9.7     23   24.2   12.8   97.0    0.5   11.2     05    263
    
Updated: 12/11/22 16:25:00