Cusighe Belluno

46° 08.37' N | 012° 12.96' E | 390 meters | Show on map

Tabelle Climatiche di November 2021

04/12/21 00:10:00 CET

Stazione:ecowitt-client
Software:WeeWX v4.5.1
Aggiornamento Weewx:4 days, 3 hours, 17 minutes
Aggiornamento Server:103 days, 7 hours, 59 minutes
                   MONTHLY CLIMATOLOGICAL SUMMARY for Nov 2021


NAME: Cusighe Belluno                  
ELEV: 390 meters    LAT: 46-08.37 N    LONG: 012-12.96 E


                   TEMPERATURE (°C), RAIN (mm), WIND SPEED (km/h)

                                         HEAT   COOL         AVG
      MEAN                               DEG    DEG          WIND                   DOM
DAY   TEMP   HIGH   TIME    LOW   TIME   DAYS   DAYS   RAIN  SPEED   HIGH   TIME    DIR
---------------------------------------------------------------------------------------
 01    8.5    9.6  18:19    7.1  00:00    9.8    0.0   50.0    0.9   13.0  20:22    270
 02    9.6   16.7  14:27    5.0  06:28    8.7    0.0    0.0    1.7   18.3  15:23    243
 03    7.9    9.6  17:34    5.5  01:41   10.5    0.0   22.4    1.8   16.6  05:18    247
 04   10.7   15.4  10:18    4.1  23:50    7.6    0.0   14.2    3.7   27.7  04:06    248
 05    6.4   14.5  15:17    1.5  05:42   12.0    0.0    0.0    2.0   13.0  10:46    221
 06    5.2   13.7  14:33   -0.1  06:27   13.2    0.0    0.0    2.0   13.0  12:53    243
 07    5.1   13.4  15:13    0.1  06:46   13.3    0.0    0.0    1.6   11.1  11:25     33
 08    6.3    8.7  13:34    4.0  23:43   12.0    0.0   21.1    1.1    7.2  07:25    191
 09    6.5   12.6  15:09    3.9  22:11   11.9    0.0    0.3    1.4   14.8  12:32    181
 10    7.7   16.5  15:14    3.2  06:55   10.6    0.0    0.0    1.3    9.3  13:43    280
 11    9.2   17.2  14:34    3.9  07:07    9.1    0.0    0.0    1.4    9.3  12:34    136
 12    9.2   18.0  14:29    4.1  04:34    9.1    0.0    0.0    1.2    9.3  12:22    212
 13    9.9   12.9  12:20    8.2  00:00    8.4    0.0    9.1    0.6   13.0  23:39    329
 14    9.3   10.9  13:49    8.2  17:26    9.0    0.0   13.2    1.7   23.8  07:31    270
 15    8.7   13.5  14:29    5.6  23:19    9.6    0.0    0.5    1.0    7.2  09:17    260
 16    7.7   10.2  17:14    4.8  02:51   10.7    0.0    0.0    0.6    7.2  13:26    251
 17    9.3   14.1  13:33    7.3  21:39    9.0    0.0    2.6    0.6    9.3  14:05    190
 18    9.4   14.6  14:41    5.5  05:18    8.9    0.0    0.0    1.1   11.1  12:24    202
 19    8.4   13.6  14:42    3.6  23:21    9.9    0.0    0.0    1.0    9.3  12:53    230
 20    6.7   15.4  14:46    1.4  07:15   11.6    0.0    0.2    1.4    9.3  13:15    264
 21    5.4   12.7  13:36    0.9  07:43   12.9    0.0    0.0    1.3   14.8  15:00     70
 22    5.6    8.6  14:10    3.0  02:13   12.7    0.0    0.8    0.3    5.5  05:07     10
 23    6.2   13.2  14:18    2.0  23:51   12.1    0.0    0.2    1.7   11.1  15:25    295
 24    3.5   11.5  14:27   -0.9  07:08   14.8    0.0    0.0    1.4    9.3  13:15    281
 25    1.2    3.9  14:09   -2.3  07:05   17.2    0.0    2.3    0.8    7.2  05:36     15
 26    4.3    6.5  19:28    2.5  01:47   14.0    0.0    9.7    0.2    7.2  15:55     42
 27    6.2    9.8  14:36    5.2  03:48   12.1    0.0   10.6    1.3   13.0  06:59    335
 28    2.9    5.3  00:09    0.3  22:24   15.5    0.0   19.1    1.4   14.8  16:25    254
 29    0.1    4.2  14:35   -3.1  23:55   18.2    0.0    6.8    1.1   13.0  19:48    285
 30   -0.8    4.8  13:36   -4.7  06:42   19.2    0.0    2.8    1.7    9.3  04:31    308
---------------------------------------------------------------------------------------
       6.5   18.0     12   -4.7     30  353.6    0.0  185.9    1.3   27.7     04    258
    
Updated: 01/12/21 00:00:00