Cusighe Belluno

46° 10.10' N | 012° 13.33' E | 397 meters | Show on map

Tabelle Climatiche di 2021

17/07/2021 13:40:00 CEST

Stazione:ecowitt-client
Software:WeeWX v4.2.0
Aggiornamento Weewx:19 days, 2 hours, 29 minutes
Aggiornamento Server:196 days, 0 hours, 30 minutes
                     CLIMATOLOGICAL SUMMARY FOR 2021


NAME: Cusighe Belluno                  
ELEV: 397 meters    LAT: 46-10.10 N    LONG: 012-13.33 E


                                       TEMPERATURE (°C)

                              HEAT    COOL                              MAX    MAX    MIN    MIN
          MEAN   MEAN         DEG     DEG                                >=     <=     <=     <=
 YR  MO   MAX    MIN    MEAN  DAYS    DAYS      HI  DAY     LOW  DAY     30      0      0    -20
------------------------------------------------------------------------------------------------
2021 01    3,6   -3,9   -0,8  593,6    0,0     9,4   26    -9,2   12      0      3     24      0
2021 02   11,0    0,7    4,9  376,3    0,0    19,7   25    -7,7   14      0      0      7      0
2021 03   14,4    0,5    6,9  355,6    0,0    25,3   30    -4,5   21      0      0     16      0
2021 04   15,8    4,1    9,6  263,2    0,0    25,5   01    -3,1   08      0      0      6      0
2021 05   19,6    8,4   13,3  154,9    0,0    25,1   10     5,2   06      0      0      0      0
2021 06   28,6   15,1   21,1    3,7   88,0    32,8   23    10,6   01     10      0      0      0
2021 07   27,9   15,1   20,7    4,2   43,2    31,6   07    11,7   01      3      0      0      0
2021 08
2021 09
2021 10
2021 11
2021 12
------------------------------------------------------------------------------------------------
          16,5    5,1   10,1 1751,5  131,2    32,8  giu    -9,2  gen     13      3     53      0


                  PRECIPITATION (mm)

                  MAX         ---DAYS OF RAIN---
                  OBS.               OVER
 YR  MO  TOTAL    DAY  DATE   0.30   3.00  30.00
------------------------------------------------
2021 01  154,1   57,4    22      8      7      2
2021 02   71,6   37,3    07      4      3      1
2021 03    6,6    4,3    14      4      1      0
2021 04  115,1   38,4    12     11      7      1
2021 05  293,6   47,8    24     22     17      2
2021 06  123,5   32,3    04     11      6      2
2021 07   77,7   49,0    08      9      3      1
2021 08
2021 09
2021 10
2021 11
2021 12
------------------------------------------------
         842,2   57,4   gen     69     44      9


           WIND SPEED (km/h)

                                DOM
 YR  MO    AVG     HI   DATE    DIR
-----------------------------------
2021 01    1,0   21,9     23    208 
2021 02    1,7   29,5     13    175 
2021 03    2,6   38,5     14    242 
2021 04    2,7   40,4     07    255 
2021 05    2,4   55,0     25    294 
2021 06    2,5   40,4     30    266 
2021 07    2,3   40,4     13    267 
2021 08
2021 09
2021 10
2021 11
2021 12
-----------------------------------
           2,2   55,0    mag    255

Updated: 17/07/2021 13:40:00