Cusighe Belluno

46° 08.37' N | 012° 12.96' E | 390 meters | Show on map

Tabelle Climatiche di January 2022

22/01/22 18:00:00 CET

Stazione:ecowitt-client
Software:WeeWX v4.5.1
Aggiornamento Weewx:53 days, 21 hours, 6 minutes
Aggiornamento Server:153 days, 1 hour, 49 minutes
                   MONTHLY CLIMATOLOGICAL SUMMARY for Jan 2022


NAME: Cusighe Belluno                  
ELEV: 390 meters    LAT: 46-08.37 N    LONG: 012-12.96 E


                   TEMPERATURE (°C), RAIN (mm), WIND SPEED (km/h)

                                         HEAT   COOL         AVG
      MEAN                               DEG    DEG          WIND                   DOM
DAY   TEMP   HIGH   TIME    LOW   TIME   DAYS   DAYS   RAIN  SPEED   HIGH   TIME    DIR
---------------------------------------------------------------------------------------
 01    3.9   14.0  14:58   -1.3  07:36   14.4    0.0    0.3    1.2   11.1  13:25    274
 02    3.8   11.7  14:20   -1.6  08:13   14.6    0.0    0.0    1.2    7.2  00:57    275
 03    0.6    5.8  15:14   -2.1  08:24   17.7    0.0    0.0    0.9    7.2  06:27     26
 04    2.6    5.0  15:08   -0.6  00:01   15.7    0.0    0.0    0.4    3.5  00:42     50
 05    3.6    5.0  23:27    2.8  04:19   14.8    0.0   52.3    1.4   20.1  22:11    213
 06    2.9    9.7  15:13   -1.4  23:19   15.5    0.0    0.0    2.2   13.0  00:04    247
 07   -0.3    6.2  14:52   -2.8  04:04   18.6    0.0    0.0    1.3    9.3  13:07    281
 08   -1.2    5.6  15:19   -4.9  06:46   19.6    0.0    0.0    1.3    7.2  13:03    293
 09   -0.7    2.4  15:01   -3.9  00:16   19.0    0.0    0.0    1.1    7.2  11:13    166
 10    0.7    7.0  14:55   -3.7  08:06   17.7    0.0    0.0    2.5   14.8  19:57    166
 11    1.1   10.4  14:40   -3.9  07:55   17.3    0.0    0.0    2.4   14.8  23:29    324
 12   -0.3    8.1  15:17   -5.4  08:28   18.7    0.0    0.0    2.0    9.3  00:05    327
 13   -0.7    6.9  15:07   -5.8  07:33   19.0    0.0    0.0    1.2    5.5  06:37    336
 14    1.3   10.1  15:04   -4.2  06:54   17.0    0.0    0.0    1.3    7.2  12:55    304
 15    3.4   14.1  15:17   -2.5  08:16   14.9    0.0    0.0    1.3    5.5  01:55     34
 16    2.8   11.2  15:11   -2.6  07:20   15.6    0.0    0.0    1.6    7.2  12:39     12
 17    1.1    9.9  14:35   -3.3  06:27   17.2    0.0    0.0    1.8    9.3  01:22     11
 18    2.5   11.9  14:34   -3.6  07:14   15.8    0.0    0.0    2.0    9.3  05:25    334
 19    1.4    8.2  14:37   -3.5  07:48   17.0    0.0    0.0    1.4    9.3  12:58    345
 20    0.6    7.9  14:32   -3.3  05:49   17.7    0.0    0.0    1.8    9.3  14:45     92
 21    0.1    8.0  14:21   -5.1  06:13   18.2    0.0    0.0    2.2   14.8  14:36    304
 22   -0.2    7.8  14:58   -5.6  05:11   18.5    0.0    0.0    1.6    9.3  10:13    261
 23
 24
 25
 26
 27
 28
 29
 30
 31
---------------------------------------------------------------------------------------
       1.3   14.1     15   -5.8     13  374.4    0.0   52.6    1.5   20.1     05    317
    
Updated: 22/01/22 18:00:00