Cusighe Belluno

46° 08.37' N | 012° 12.96' E | 390 meters | Show on map

Tabelle Climatiche di February 2022

06/10/22 19:50:00 CEST

Stazione:ecowitt-client
Software:WeeWX v4.5.1
Aggiornamento Weewx:55 days, 22 hours, 48 minutes
Aggiornamento Server:410 days, 2 hours, 39 minutes
                   MONTHLY CLIMATOLOGICAL SUMMARY for Feb 2022


NAME: Cusighe Belluno                  
ELEV: 390 meters    LAT: 46-08.37 N    LONG: 012-12.96 E


                   TEMPERATURE (°C), RAIN (mm), WIND SPEED (km/h)

                                         HEAT   COOL         AVG
      MEAN                               DEG    DEG          WIND                   DOM
DAY   TEMP   HIGH   TIME    LOW   TIME   DAYS   DAYS   RAIN  SPEED   HIGH   TIME    DIR
---------------------------------------------------------------------------------------
 01    5.3   13.3  14:02   -1.3  00:25   13.0    0.0    0.0    3.8   31.4  15:06    282
 02    5.4   15.7  16:16   -0.2  01:15   13.0    0.0    0.0    2.9   43.9  17:54    358
 03    6.3   12.1  13:58    1.4  05:43   12.1    0.0    0.0    2.4   18.3  15:37    268
 04    4.0   11.6  15:55   -0.1  04:55   14.3    0.0    0.0    1.6    9.3  13:23    124
 05    3.6   11.9  16:16   -1.5  05:49   14.7    0.0    0.0    1.8   11.1  14:09    233
 06    4.0    7.9  16:17    0.3  05:27   14.3    0.0    0.0    0.7    5.5  12:54    250
 07    5.6   10.7  09:40    0.0  23:53   12.7    0.0    0.0    5.0   36.7  09:51     55
 08    3.7   12.7  16:31   -2.1  07:22   14.6    0.0    0.0    2.6   13.0  14:39    283
 09    4.1   13.9  15:53   -2.4  07:36   14.3    0.0    0.0    2.0   11.1  12:49    349
 10    3.2   11.3  14:47   -2.8  06:36   15.1    0.0    0.0    2.1   13.0  14:52    230
 11    2.9   10.0  14:11   -2.7  07:04   15.5    0.0    0.0    1.8   11.1  15:14    250
 12    2.7   11.2  15:59   -3.6  06:41   15.7    0.0    0.0    2.7   11.1  10:45    257
 13    1.0    9.0  15:47   -5.3  07:13   17.4    0.0    0.0    2.3   11.1  12:23    232
 14    0.5    3.7  17:46   -3.9  07:02   17.8    0.0    0.0    1.4    9.3  10:09    194
 15    1.5    2.9  14:25    0.4  06:27   16.8    0.0   47.3    1.1   13.0  11:42    234
 16    3.0    7.8  15:39   -0.3  03:37   15.3    0.0    0.0    1.3   11.1  13:07    196
 17    3.9    9.6  16:22    1.3  21:14   14.4    0.0    0.0    1.4   13.0  13:29    237
 18    6.6   13.1  16:06    1.9  07:31   11.7    0.0    0.0    2.0   18.3  17:08    222
 19    7.8   11.9  15:27    5.7  05:00   10.6    0.0    0.0    1.2    7.2  11:17    196
 20    8.3   15.6  15:47    5.3  06:39   10.1    0.0    0.0    1.7   11.1  11:30    173
 21    5.9   10.1  16:36    1.2  23:14   12.4    0.0    1.2    1.8   13.0  19:50    348
 22    5.9   17.0  14:49   -1.2  06:41   12.4    0.0    0.0    3.5   36.7  12:43     36
 23    5.9   15.8  14:49   -1.0  06:32   12.4    0.0    0.0    2.1    9.3  09:57    249
 24    6.1   13.5  14:16   -0.7  06:47   12.2    0.0    0.0    2.4   16.6  15:06    246
 25    5.6   12.7  13:42   -0.8  06:30   12.7    0.0    0.0    2.9   23.8  20:59    152
 26    5.8   12.2  14:33   -1.0  07:11   12.5    0.0    0.0    5.4   53.3  13:00     48
 27    5.1   11.1  12:05   -1.4  06:43   13.2    0.0    0.0    5.1   27.7  11:28     32
 28    3.4   10.3  15:06   -4.0  07:15   14.9    0.0    0.0    3.7   20.1  20:07    271
---------------------------------------------------------------------------------------
       4.5   17.0     22   -5.3     13  386.1    0.0   48.5    2.5   53.3     26    258
    
Updated: 01/03/22 00:00:00