Cusighe Belluno

46° 08.37' N | 012° 12.96' E | 390 meters | Show on map

Tabelle Climatiche di April 2022

18/05/22 03:00:00 CEST

Stazione:ecowitt-client
Software:WeeWX v4.5.1
Aggiornamento Weewx:169 days, 5 hours, 6 minutes
Aggiornamento Server:268 days, 9 hours, 49 minutes
                   MONTHLY CLIMATOLOGICAL SUMMARY for Apr 2022


NAME: Cusighe Belluno                  
ELEV: 390 meters    LAT: 46-08.37 N    LONG: 012-12.96 E


                   TEMPERATURE (°C), RAIN (mm), WIND SPEED (km/h)

                                         HEAT   COOL         AVG
      MEAN                               DEG    DEG          WIND                   DOM
DAY   TEMP   HIGH   TIME    LOW   TIME   DAYS   DAYS   RAIN  SPEED   HIGH   TIME    DIR
---------------------------------------------------------------------------------------
 01    7.7    9.8  16:46    4.9  23:59   10.6    0.0   17.8    1.7   18.3  23:55     42
 02    4.5    7.9  17:17    3.1  03:25   13.8    0.0   22.3    2.1   21.9  01:05     11
 03    5.2   10.9  12:26    1.4  05:11   13.1    0.0    0.0    2.9   29.5  13:18    127
 04    6.2   10.1  13:32    3.6  07:12   12.1    0.0    0.0    2.2   16.6  17:00    312
 05    7.7   15.2  15:50    0.4  06:30   10.7    0.0    0.0    2.5   14.8  13:05    216
 06    7.9   11.8  16:50    3.9  02:33   10.4    0.0    0.0    1.4   11.1  16:25    249
 07   10.2   17.0  15:00    4.6  06:48    8.1    0.0    0.0    2.6   25.6  15:39    239
 08   10.9   16.9  16:14    4.8  06:45    7.4    0.0    3.8    1.9   11.1  09:59    268
 09    9.6   15.0  09:45    1.3  23:53    8.7    0.0    3.1    3.8   36.7  15:00     34
 10    6.6   15.8  15:55   -1.2  06:52   11.7    0.0    0.2    3.6   20.1  16:08    276
 11    8.3   15.8  17:08    0.9  05:53   10.1    0.0    0.0    3.1   25.6  14:44    244
 12    9.8   17.5  15:09    2.0  06:44    8.6    0.0    0.0    3.1   18.3  13:40    228
 13   12.0   19.9  15:15    4.6  05:58    6.3    0.0    0.0    2.6   20.1  15:42    249
 14   14.6   24.6  14:49    5.7  06:57    3.7    0.0    0.0    3.1   18.3  15:50    230
 15   15.0   23.8  15:15    7.6  06:00    3.3    0.0    0.0    3.0   23.8  16:28    246
 16   13.4   20.4  11:24    7.4  06:41    5.0    0.0    0.0    3.4   23.8  17:07    266
 17   10.0   17.2  15:05    3.3  06:30    8.4    0.0    0.0    3.5   21.9  15:41    236
 18    9.2   16.7  15:49    2.0  06:07    9.1    0.0    0.0    3.3   27.7  15:22    230
 19    9.9   16.9  12:59    2.5  05:54    8.4    0.0    0.0    3.4   23.8  16:03    249
 20   10.8   14.7  12:32    8.6  06:08    7.6    0.0    0.0    2.6   23.8  15:30    262
 21   11.0   16.1  14:22    8.1  05:50    7.4    0.0    0.0    1.9   14.8  14:43    249
 22   10.0   14.0  16:04    7.3  07:32    8.3    0.0    1.8    1.8   11.1  10:06    222
 23   11.5   14.9  16:55    9.5  04:34    6.9    0.0   10.2    1.8   14.8  13:30    332
 24    9.5   12.0  13:32    6.7  05:51    8.8    0.0   19.3    1.9   27.7  07:10     12
 25   11.1   16.1  14:01    7.2  04:15    7.2    0.0    0.0    1.8   14.8  16:16    284
 26   11.2   14.7  15:40    9.5  23:46    7.2    0.0   11.9    1.3   11.1  04:23    306
 27   12.4   20.5  16:10    5.0  05:59    5.9    0.0    0.3    2.6   18.3  15:33    207
 28   14.2   20.5  15:52    8.4  06:44    4.1    0.0    0.0    3.1   18.3  12:36    223
 29   14.9   21.5  14:49    8.1  06:08    3.4    0.0    0.0    3.0   20.1  15:12    243
 30   14.2   21.0  14:12    6.5  06:12    4.2    0.0    0.0    2.9   18.3  14:42    243
---------------------------------------------------------------------------------------
      10.3   24.6     14   -1.2     10  240.4    0.0   90.7    2.6   36.7     09    250
    
Updated: 01/05/22 00:00:00