Cusighe Belluno

46° 08.37' N | 012° 12.96' E | 390 meters | Show on map

Tabelle Climatiche di August 2022

16/08/22 20:40:00 CEST

Stazione:ecowitt-client
Software:WeeWX v4.5.1
Aggiornamento Weewx:4 days, 23 hours, 38 minutes
Aggiornamento Server:359 days, 3 hours, 29 minutes
                   MONTHLY CLIMATOLOGICAL SUMMARY for Aug 2022


NAME: Cusighe Belluno                  
ELEV: 390 meters    LAT: 46-08.37 N    LONG: 012-12.96 E


                   TEMPERATURE (°C), RAIN (mm), WIND SPEED (km/h)

                                         HEAT   COOL         AVG
      MEAN                               DEG    DEG          WIND                   DOM
DAY   TEMP   HIGH   TIME    LOW   TIME   DAYS   DAYS   RAIN  SPEED   HIGH   TIME    DIR
---------------------------------------------------------------------------------------
 01   24.4   32.7  16:00   15.7  06:22    0.0    6.1    2.2    2.6   18.3  17:07    260
 02   22.0   31.3  17:23   16.5  05:34    0.0    3.6   10.0    2.8   58.7  01:39    269
 03   23.6   32.1  15:28   16.1  06:01    0.0    5.3    0.0    2.4   14.8  14:03    249
 04   25.8   33.6  15:02   18.7  06:11    0.0    7.5    0.0    2.3   18.3  14:40    273
 05   26.7   34.6  15:29   19.3  05:28    0.0    8.3    0.0    2.6   16.6  13:50    256
 06   22.7   34.7  14:24   17.8  17:02    0.0    4.4   34.5    2.8   36.7  15:23    286
 07   20.3   25.7  14:08   17.1  23:59    0.0    1.9    6.1    1.7   14.8  13:48    229
 08   21.5   30.9  16:01   14.9  06:08    0.0    3.1    0.0    2.0   23.8  16:52    253
 09   23.0   31.3  16:23   16.0  06:00    0.0    4.6    0.0    2.6   14.8  14:01    266
 10   23.3   30.7  15:15   16.0  06:29    0.0    4.9    0.0    2.5   16.6  15:43    267
 11   23.4   30.3  15:43   17.3  06:39    0.0    5.0    0.0    2.2   18.3  17:27    280
 12   18.7   23.8  15:49   14.2  23:50    0.0    0.4   16.8    2.5   21.9  20:02    308
 13   18.6   27.6  15:35   11.5  04:38    0.0    0.3    0.0    2.2   14.8  17:21    247
 14   21.2   30.7  16:14   13.2  06:14    0.0    2.8    0.0    2.3   16.6  14:15    272
 15   22.4   30.1  13:55   15.9  05:36    0.0    4.0    0.0    2.2   20.1  14:26    292
 16   22.7   30.3  15:23   15.7  06:47    0.0    4.4    3.5    2.7   20.1  16:05    262
 17
 18
 19
 20
 21
 22
 23
 24
 25
 26
 27
 28
 29
 30
 31
---------------------------------------------------------------------------------------
      22.5   34.7     06   11.5     13    0.0   66.8   73.1    2.4   58.7     02    267
    
Updated: 16/08/22 20:40:00