Cusighe Belluno

46° 08.37' N | 012° 12.96' E | 390 meters | Show on map

Tabelle Climatiche di September 2022

06/10/22 20:00:00 CEST

Stazione:ecowitt-client
Software:WeeWX v4.5.1
Aggiornamento Weewx:55 days, 22 hours, 58 minutes
Aggiornamento Server:410 days, 2 hours, 49 minutes
                   MONTHLY CLIMATOLOGICAL SUMMARY for Sep 2022


NAME: Cusighe Belluno                  
ELEV: 390 meters    LAT: 46-08.37 N    LONG: 012-12.96 E


                   TEMPERATURE (°C), RAIN (mm), WIND SPEED (km/h)

                                         HEAT   COOL         AVG
      MEAN                               DEG    DEG          WIND                   DOM
DAY   TEMP   HIGH   TIME    LOW   TIME   DAYS   DAYS   RAIN  SPEED   HIGH   TIME    DIR
---------------------------------------------------------------------------------------
 01   18.4   25.9  13:28   15.7  06:32    0.0    0.0   39.3    1.7   20.1  14:40    278
 02   18.8   25.4  17:12   15.3  04:36    0.0    0.5    0.3    1.7   13.0  14:40    251
 03   17.9   24.0  13:45   14.5  06:22    0.4    0.0    0.0    1.1   11.1  17:22    356
 04   20.4   28.6  16:37   14.5  07:08    0.0    2.1    0.0    1.8   14.8  15:27    253
 05   20.5   28.7  15:32   14.3  06:13    0.0    2.1    0.0    1.8   14.8  16:52    243
 06   21.7   29.9  16:16   15.5  06:07    0.0    3.4    6.1    2.1   25.6  23:45    272
 07   20.9   27.9  13:49   16.7  02:19    0.0    2.5    0.2    1.7   27.7  00:09    322
 08   20.6   26.7  15:25   16.9  23:22    0.0    2.2    7.9    1.5   14.8  12:37    329
 09   17.8   24.9  14:44   14.5  23:37    0.5    0.0   15.5    1.8   20.1  16:40    321
 10   16.1   23.0  14:33   13.0  02:11    2.2    0.0    0.5    2.2   20.1  14:04    293
 11   17.4   26.3  16:44   10.8  06:34    1.0    0.0    0.3    1.7   13.0  14:51    251
 12   17.8   25.5  15:41   11.5  04:35    0.5    0.0    0.0    1.8   16.6  15:44    259
 13   20.3   26.7  14:48   15.8  06:36    0.0    1.9    0.0    2.0   16.6  15:44    245
 14   21.0   26.5  13:35   18.3  05:59    0.0    2.7    0.0    1.2   13.0  16:21    310
 15   19.4   28.2  13:36   15.5  07:01    0.0    1.1    3.8    1.6   20.1  15:27    335
 16   18.1   25.7  13:12   14.9  22:58    0.3    0.0   36.1    2.0   13.0  13:19    352
 17   13.0   17.5  15:11    8.2  23:50    5.4    0.0   10.4    2.7   27.7  04:17    326
 18   12.4   21.6  15:21    5.8  06:54    5.9    0.0    0.0    1.5   13.0  15:35     19
 19   13.7   23.8  17:16    7.1  06:18    4.6    0.0    0.0    2.2   16.6  18:57     30
 20   12.6   21.0  15:52    4.6  06:45    5.7    0.0    0.0    2.1   18.3  16:53    277
 21   13.6   19.7  13:44    7.0  07:02    4.8    0.0    0.0    2.3   20.1  16:18    273
 22   13.3   19.0  13:25    8.3  07:46    5.0    0.0    0.0    1.9   14.8  16:30    278
 23   14.0   19.7  13:36    8.6  07:30    4.4    0.0    0.0    1.3   13.0  13:26    235
 24   13.9   17.2  13:46   11.8  06:51    4.5    0.0    0.0    0.5    7.2  15:40    331
 25   14.1   19.1  13:25    9.6  07:15    4.2    0.0    3.0    1.7   16.6  15:51    269
 26   15.1   21.5  14:32   10.5  06:52    3.3    0.0   10.4    2.4   20.1  16:45    269
 27   13.1   18.8  14:40    9.3  23:59    5.3    0.0    8.2    1.5   16.6  12:34      5
 28   11.5   14.8  13:40    8.0  03:07    6.9    0.0    0.5    0.6    7.2  13:02    354
 29   12.9   16.6  10:19   10.9  01:39    5.5    0.0   20.5    1.0   11.1  12:37    337
 30   13.3   15.8  10:03   12.0  06:33    5.0    0.0    5.4    0.3    5.5  11:02    353
---------------------------------------------------------------------------------------
      16.4   29.9     06    4.6     20   75.3   18.6  168.4    1.7   27.7     07    290
    
Updated: 01/10/22 00:00:00