Cusighe Belluno

46° 08.37' N | 012° 12.96' E | 390 meters | Show on map

Tabelle Climatiche di 2022

04/07/22 07:25:00 CEST

Stazione:ecowitt-client
Software:WeeWX v4.5.1
Aggiornamento Weewx:216 days, 9 hours, 31 minutes
Aggiornamento Server:315 days, 14 hours, 14 minutes
                     CLIMATOLOGICAL SUMMARY FOR 2022


NAME: Cusighe Belluno                  
ELEV: 390 meters    LAT: 46-08.37 N    LONG: 012-12.96 E


                                       TEMPERATURE (°C)

                              HEAT    COOL                              MAX    MAX    MIN    MIN
          MEAN   MEAN         DEG     DEG                                >=     <=     <=     <=
 YR  MO   MAX    MIN    MEAN  DAYS    DAYS      HI  DAY     LOW  DAY     30      0      0    -20
------------------------------------------------------------------------------------------------
2022 01    8.7   -3.3    1.3  529.2    0.0    14.1   15    -5.8   13      0      0     30      0
2022 02   11.4   -0.7    4.5  386.1    0.0    17.0   22    -5.3   13      0      0     20      0
2022 03   14.2    0.0    6.5  368.1    0.0    22.7   24    -4.9   13      0      0     18      0
2022 04   16.3    4.9   10.3  240.4    0.0    24.6   14    -1.2   10      0      0      1      0
2022 05   24.3   12.0   17.6   52.4   26.5    29.1   21     7.3   03      0      0      0      0
2022 06   28.8   15.4   21.7    4.3  104.3    32.4   27    10.6   08     12      0      0      0
2022 07   30.2   17.0   23.7    0.0   20.0    33.3   03    14.0   02      3      0      0      0
2022 08
2022 09
2022 10
2022 11
2022 12
------------------------------------------------------------------------------------------------
          17.6    5.0   10.6 1580.5  150.8    33.3  Jul    -5.8  Jan     15      0     69      0


                  PRECIPITATION (mm)

                  MAX         ---DAYS OF RAIN---
                  OBS.               OVER
 YR  MO  TOTAL    DAY  DATE   0.30   3.00  30.00
------------------------------------------------
2022 01   52.8   52.3    05      2      1      1
2022 02   48.5   47.3    15      2      1      1
2022 03    9.7    9.4    31      2      1      0
2022 04   90.7   22.3    02      9      7      0
2022 05   73.1   16.8    24     15      7      0
2022 06   98.8   25.9    21     10      7      0
2022 07    1.8    1.8    01      1      0      0
2022 08
2022 09
2022 10
2022 11
2022 12
------------------------------------------------
         375.4   52.3   Jan     41     24      2


           WIND SPEED (km/h)

                                DOM
 YR  MO    AVG     HI   DATE    DIR
-----------------------------------
2022 01    1.6   25.6     28    312 
2022 02    2.5   53.3     26    258 
2022 03    2.7   25.6     19    251 
2022 04    2.6   36.7     09    250 
2022 05    2.4   36.7     24    267 
2022 06    2.4   88.2     21    268 
2022 07    2.8   27.7     01    270 
2022 08
2022 09
2022 10
2022 11
2022 12
-----------------------------------
           2.3   88.2    Jun    263

Updated: 04/07/22 07:25:00