Cusighe Meteo Belluno

46° 09.45' N | 012° 13.57' E | 392 meters | Show on map

Tabelle Climatiche di January 2023

01/02/23 03:10:00 CET

Stazione:weatherstation via interceptor
Software:WeeWX v4.5.1
Aggiornamento Weewx:76 days, 4 hours, 53 minutes
Aggiornamento Server:78 days, 6 hours, 1 minute
                   MONTHLY CLIMATOLOGICAL SUMMARY for Jan 2023


NAME: Cusighe Meteo Belluno                  
ELEV: 392 meters    LAT: 46-09.45 N    LONG: 012-13.57 E


                   TEMPERATURE (°C), RAIN (mm), WIND SPEED (m/s)

                                         HEAT   COOL         AVG
      MEAN                               DEG    DEG          WIND                   DOM
DAY   TEMP   HIGH   TIME    LOW   TIME   DAYS   DAYS   RAIN  SPEED   HIGH   TIME    DIR
---------------------------------------------------------------------------------------
 01    6.0   12.6  14:43    1.4  08:18   12.4    0.0    0.0    0.2    2.0  12:10    212
 02    5.6    9.7  13:59    0.7  07:30   12.7    0.0    0.0    0.1    2.0  12:58    210
 03    6.9   10.1  14:47    3.7  23:55   11.4    0.0    0.0    0.1    1.5  10:40    189
 04    4.7   11.3  15:11   -0.3  07:53   13.7    0.0    0.0    0.2    2.0  13:21    180
 05    4.5   11.8  14:48    1.5  07:37   13.9    0.0    0.0    0.3    1.5  03:43    248
 06    3.2   11.7  15:07   -1.1  08:22   15.1    0.0    0.2    0.3    2.0  13:47    243
 07    3.0    6.1  15:03   -0.3  03:58   15.3    0.0    0.0    0.1    1.5  13:30    282
 08    4.1    5.9  12:41    1.9  07:53   14.3    0.0   16.0    0.1    2.0  07:54    166
 09    4.7    7.1  14:25    3.4  23:33   13.6    0.0   16.0    0.4    4.1  18:33    266
 10    4.7   13.9  14:23    0.0  07:44   13.6    0.0    0.0    0.9    7.1  14:31    327
 11    2.5    7.7  13:33   -2.2  06:28   15.9    0.0    0.0    0.4    2.6  14:00    235
 12    1.8    6.7  15:58   -0.9  07:41   16.5    0.0    0.0    0.3    2.0  00:49     17
 13    2.1    8.7  15:02   -0.9  23:54   16.2    0.0    0.0    0.2    2.0  11:59     19
 14    2.0   10.3  14:42   -2.8  07:46   16.3    0.0    0.3    0.3    2.0  06:03     19
 15    2.5    5.1  14:06    0.1  02:35   15.8    0.0    6.1    0.1    1.5  07:40     35
 16    3.6    5.9  14:11    2.5  23:54   14.8    0.0    4.8    0.2    3.1  17:47    221
 17    2.3    3.7  12:12    1.3  23:19   16.0    0.0    1.5    0.4    3.1  12:28    220
 18    2.4    6.0  13:52    0.8  23:03   16.0    0.0    0.3    0.3    2.6  13:21    223
 19    0.7    2.4  13:10   -0.7  23:54   17.6    0.0    1.0    0.4    5.1  13:39    259
 20   -0.0    3.1  12:50   -2.6  23:52   18.3    0.0    0.8    0.4    3.1  13:02    212
 21    0.1    6.3  14:49   -4.7  07:21   18.2    0.0    0.0    0.9    5.6  13:44    257
 22    2.4    5.9  14:38   -0.6  21:23   15.9    0.0    0.0    0.7    4.1  04:11    253
 23    3.0    5.0  10:25    1.0  08:19   15.4    0.0   11.6    0.9    6.6  11:33    239
 24    3.0    7.4  15:02   -0.5  05:34   15.3    0.0    0.0    0.2    2.0  12:21    218
 25    3.4    9.5  15:31    1.0  22:49   14.9    0.0    0.0    0.3    4.1  16:22    261
 26    2.0    7.6  15:03   -1.4  07:47   16.3    0.0    0.0    0.4    3.1  12:08    123
 27    0.9    5.2  15:04   -1.1  07:30   17.4    0.0    0.0    0.4    4.6  13:04    252
 28   -0.1    5.2  14:42   -3.7  07:53   18.4    0.0    0.0    0.2    1.5  04:47    248
 29    1.4    8.9  15:33   -2.2  07:29   16.9    0.0    0.0    0.4    2.6  13:52    222
 30    0.2    8.7  14:47   -4.3  07:20   18.1    0.0    0.0    0.4    2.6  13:40    257
 31    1.8   11.9  15:35   -4.5  07:40   16.5    0.0    0.0    0.6    3.1  00:22    294
---------------------------------------------------------------------------------------
       2.8   13.9     10   -4.7     21  482.8    0.0   58.6    0.4    7.1     10    247
    
Updated: 01/02/23 00:00:00